{"id":9218,"date":"2020-05-11T21:12:33","date_gmt":"2020-05-12T01:12:33","guid":{"rendered":"https:\/\/decepenlinea.uprm.edu\/?post_type=product&#038;p=9218"},"modified":"2021-11-15T11:18:49","modified_gmt":"2021-11-15T15:18:49","slug":"ccna-cybersecurity-operations-cyberops-2","status":"publish","type":"product","link":"https:\/\/decepenlinea.uprm.edu\/index.php\/product\/ccna-cybersecurity-operations-cyberops-2\/","title":{"rendered":"CCNA Cybersecurity Operations (CyberOps)"},"content":{"rendered":"<p>Las organizaciones de hoy se enfrentan al desaf\u00edo de detectar r\u00e1pidamente las brechas de ciberseguridad y responder eficazmente a los incidentes de seguridad. Los equipos de personas en los Centros de Operaciones de Seguridad (SOC) vigilan los sistemas de seguridad y protegen a sus organizaciones detectando y respondiendo a las amenazas de ciberseguridad. CCNA Cybersecurity Operations (CyberOps) prepara a los candidatos para comenzar una carrera trabajando con analistas de seguridad cibern\u00e9tica de nivel asociado dentro de los SOC.<\/p>\n<p>Este es un curso moderado con una equivalencia de 70 horas contacto donde demuestras tus conocimientos y destrezas adquiridas mediante pruebas objetivas y tareas. Es importante tener en cuenta que dicho curso requiere de un examen pr\u00e1ctico el cual tendr\u00e1 que realizar en nuestras instalaciones, en una fecha previamente acordada con los estudiantes.<\/p>\n<p>Se espera que cada semana completes una lecci\u00f3n. El instructor te guiar\u00e1 en este proceso. Debes completar cada una de las tareas en o antes de las fechas estipuladas. Al completar el curso con la puntuaci\u00f3n m\u00ednima requerida obtendr\u00e1s el certificado que as\u00ed lo valida. Una vez pases por el proceso de pago tendr\u00e1s acceso al Sistema de Gerencia de Aprendizaje de la clase, pero no tendr\u00e1s acceso al contenido hasta la fecha de comienzo del curso.<\/p>\n<p><strong>Este curso fue dise\u00f1ado por Cisco Network Academy y se puede tomar en cualquiera de los siguientes idiomas: espa\u00f1ol, ingl\u00e9s y franc\u00e9s.<\/strong><\/p>\n<p><strong>*El certificado del curso se enviar\u00e1 digital por correo electr\u00f3nico.<\/strong><\/p>\n<p>&nbsp;<\/p>\n","protected":false},"excerpt":{"rendered":"<p><strong>Instructor:<\/strong> Luis Lugo<\/p>\n<p><strong>Horario:<\/strong> Curso en l\u00ednea &#8211; MODERADO<\/p>\n<p><b>Fecha del curso:<\/b>\u00a0 Comienza el 15 de septiembre y culmina el 21 de diciembre de 2021.<\/p>\n<p><b>Matricula:<\/b> Hasta el 13 de septiembre de 2021.<\/p>\n<p><strong>Equivalencia de horas contacto:<\/strong> 70<\/p>\n<p><strong>Espacios:<\/strong> 12<\/p>\n","protected":false},"featured_media":3732,"comment_status":"closed","ping_status":"closed","template":"","meta":{"_links_to":"","_links_to_target":""},"product_brand":[],"product_cat":[17],"product_tag":[],"class_list":{"0":"post-9218","1":"product","2":"type-product","3":"status-publish","4":"has-post-thumbnail","6":"product_cat-uncategorized","8":"first","9":"outofstock","10":"sale","11":"shipping-taxable","12":"purchasable","13":"product-type-simple"},"_links":{"self":[{"href":"https:\/\/decepenlinea.uprm.edu\/index.php\/wp-json\/wp\/v2\/product\/9218","targetHints":{"allow":["GET"]}}],"collection":[{"href":"https:\/\/decepenlinea.uprm.edu\/index.php\/wp-json\/wp\/v2\/product"}],"about":[{"href":"https:\/\/decepenlinea.uprm.edu\/index.php\/wp-json\/wp\/v2\/types\/product"}],"replies":[{"embeddable":true,"href":"https:\/\/decepenlinea.uprm.edu\/index.php\/wp-json\/wp\/v2\/comments?post=9218"}],"wp:featuredmedia":[{"embeddable":true,"href":"https:\/\/decepenlinea.uprm.edu\/index.php\/wp-json\/wp\/v2\/media\/3732"}],"wp:attachment":[{"href":"https:\/\/decepenlinea.uprm.edu\/index.php\/wp-json\/wp\/v2\/media?parent=9218"}],"wp:term":[{"taxonomy":"product_brand","embeddable":true,"href":"https:\/\/decepenlinea.uprm.edu\/index.php\/wp-json\/wp\/v2\/product_brand?post=9218"},{"taxonomy":"product_cat","embeddable":true,"href":"https:\/\/decepenlinea.uprm.edu\/index.php\/wp-json\/wp\/v2\/product_cat?post=9218"},{"taxonomy":"product_tag","embeddable":true,"href":"https:\/\/decepenlinea.uprm.edu\/index.php\/wp-json\/wp\/v2\/product_tag?post=9218"}],"curies":[{"name":"wp","href":"https:\/\/api.w.org\/{rel}","templated":true}]}}