{"id":9201,"date":"2020-05-11T19:00:44","date_gmt":"2020-05-11T23:00:44","guid":{"rendered":"https:\/\/decepenlinea.uprm.edu\/?post_type=product&#038;p=9201"},"modified":"2022-01-25T18:26:55","modified_gmt":"2022-01-25T22:26:55","slug":"sostenibilidad-ambiental","status":"publish","type":"product","link":"https:\/\/decepenlinea.uprm.edu\/index.php\/product\/sostenibilidad-ambiental\/","title":{"rendered":"Sostenibilidad Ambiental"},"content":{"rendered":"<p>El cambio clim\u00e1tico es el mayor desaf\u00edo que enfrentan los seres humanos en la historia de la humanidad. Como consecuencia, muchas empresas e instituciones est\u00e1n cada vez m\u00e1s sensibles a las preocupaciones ambientales, sociales, y otras de un futuro a largo plazo. La sostenibilidad tiene muchas definiciones e incluye las dimensiones ambientales, sociales y econ\u00f3micos. En este curso, vamos a examinar los principales problemas ambientales y tendencias que suceden en la sociedad moderna desde una perspectiva cient\u00edfica y pr\u00e1ctica, incluyendo la energ\u00eda y el uso de otros recursos, la contaminaci\u00f3n, el cambio clim\u00e1tico, el agua, y la poblaci\u00f3n. Definiciones conceptuales de la sostenibilidad ser\u00e1n introducidas y discutidas y planes de sostenibilidad de las organizaciones e instituciones ser\u00e1n examinadas y criticadas.<\/p>\n","protected":false},"excerpt":{"rendered":"<p><strong>Profesor:<\/strong> Dra. Rosana Grafals<\/p>\n<p><strong>Horario:<\/strong> Curso en l\u00ednea &#8211; MODERADO<\/p>\n<p><b>Matricula:<\/b> Hasta el 27 de octubre de 2020<\/p>\n<p><b>Fecha del curso:<\/b>\u00a0 28 de octubre al 8 de diciembre de 2020<\/p>\n<p><strong>Equivalencia de horas contacto:<\/strong> 18<\/p>\n<p><strong>Espacios:<\/strong> 15<\/p>\n","protected":false},"featured_media":3724,"comment_status":"closed","ping_status":"closed","template":"","meta":{"_links_to":"","_links_to_target":""},"product_brand":[],"product_cat":[17],"product_tag":[],"class_list":{"0":"post-9201","1":"product","2":"type-product","3":"status-publish","4":"has-post-thumbnail","6":"product_cat-uncategorized","8":"first","9":"outofstock","10":"sold-individually","11":"shipping-taxable","12":"purchasable","13":"product-type-simple"},"_links":{"self":[{"href":"https:\/\/decepenlinea.uprm.edu\/index.php\/wp-json\/wp\/v2\/product\/9201","targetHints":{"allow":["GET"]}}],"collection":[{"href":"https:\/\/decepenlinea.uprm.edu\/index.php\/wp-json\/wp\/v2\/product"}],"about":[{"href":"https:\/\/decepenlinea.uprm.edu\/index.php\/wp-json\/wp\/v2\/types\/product"}],"replies":[{"embeddable":true,"href":"https:\/\/decepenlinea.uprm.edu\/index.php\/wp-json\/wp\/v2\/comments?post=9201"}],"wp:featuredmedia":[{"embeddable":true,"href":"https:\/\/decepenlinea.uprm.edu\/index.php\/wp-json\/wp\/v2\/media\/3724"}],"wp:attachment":[{"href":"https:\/\/decepenlinea.uprm.edu\/index.php\/wp-json\/wp\/v2\/media?parent=9201"}],"wp:term":[{"taxonomy":"product_brand","embeddable":true,"href":"https:\/\/decepenlinea.uprm.edu\/index.php\/wp-json\/wp\/v2\/product_brand?post=9201"},{"taxonomy":"product_cat","embeddable":true,"href":"https:\/\/decepenlinea.uprm.edu\/index.php\/wp-json\/wp\/v2\/product_cat?post=9201"},{"taxonomy":"product_tag","embeddable":true,"href":"https:\/\/decepenlinea.uprm.edu\/index.php\/wp-json\/wp\/v2\/product_tag?post=9201"}],"curies":[{"name":"wp","href":"https:\/\/api.w.org\/{rel}","templated":true}]}}