{"id":44816,"date":"2025-06-16T15:27:17","date_gmt":"2025-06-16T19:27:17","guid":{"rendered":"https:\/\/decepenlinea.uprm.edu\/?post_type=product&#038;p=44816"},"modified":"2025-08-26T11:29:18","modified_gmt":"2025-08-26T15:29:18","slug":"certificacion-de-educador-virtual-y-certificacion-de-adiestrador-de-educador-virtual-6","status":"publish","type":"product","link":"https:\/\/decepenlinea.uprm.edu\/index.php\/product\/certificacion-de-educador-virtual-y-certificacion-de-adiestrador-de-educador-virtual-6\/","title":{"rendered":"Certificaci\u00f3n de Educador Virtual y Certificaci\u00f3n de Adiestrador de Educador Virtual"},"content":{"rendered":"<p><a href=\"https:\/\/decepenlinea.uprm.edu\/index.php\/product\/certificacion-de-educador-virtual-12\/\">Certificaci\u00f3n de Educador Virtual<\/a><\/p>\n<p>La Certificaci\u00f3n de Educador Virtual se ha convertido en la credencial m\u00e1s reconocida en el campo de la educaci\u00f3n a distancia en Puerto Rico. Tanto recintos de la Universidad de Puerto Rico como universidades privadas, exigen a sus docentes esta certificaci\u00f3n por ser la m\u00e1s completa y por motivar un cambio real y efectivo en las pr\u00e1cticas educativas en esta modalidad y en la presencial. Esta certificaci\u00f3n profesional capacita a los docentes con los conocimientos y destrezas para establecer una metodolog\u00eda de la ense\u00f1anza a distancia que resulte efectiva para los estudiantes. Tambi\u00e9n desarrolla las destrezas para la creaci\u00f3n de materiales educativos digitales y en el uso del sistema de gerencia de aprendizaje.<\/p>\n<p>Esta certificaci\u00f3n requiere que el participante pase por el proceso riguroso de certificarse en los siguientes cursos:\u00a0 *cursos no tienen pre requisito uno del otro y pueden tomarse en cualquier orden*<\/p>\n<ol>\n<li style=\"list-style-type: none;\">\n<ol>\n<li><a href=\"https:\/\/decepenlinea.uprm.edu\/index.php\/product\/practica-en-el-funcionamiento-de-moodle-4-x-2\/\">Pr\u00e1ctica en el Funcionamiento de Moodle<\/a> &#8211; Curso comienza el 17 de septiembre y culmina el 15 de octubre de 2025\/ curso moderado de 15 horas contacto.<\/li>\n<li><a href=\"https:\/\/decepenlinea.uprm.edu\/index.php\/product\/diseno-y-creacion-de-materiales-educativos-para-cursos-en-linea-8\/\">Dise\u00f1o y Creaci\u00f3n de Materiales Educativos para Cursos en L\u00ednea<\/a> &#8211;\u00a0 Curso comienza el 20 de octubre y culmina el 1 de diciembre de 2025\/ curso moderado de 22.5 horas contacto.<\/li>\n<li><a href=\"https:\/\/decepenlinea.uprm.edu\/index.php\/product\/creacion-de-cursos-en-linea-con-un-modelo-orientado-al-cerebro-6\/\">Creaci\u00f3n de Cursos en L\u00ednea con un Modelo Orientado al Cerebro<\/a> &#8211; Curso comienza el segundo semestre 2025-2026\/ curso moderado de 22.5 horas contacto.<\/li>\n<\/ol>\n<\/li>\n<\/ol>\n<p><a href=\"https:\/\/decepenlinea.uprm.edu\/index.php\/product\/certificacion-de-adiestrador-de-educador-virtual-3\/\">Certificaci\u00f3n de Adiestrador de Educadores Virtuales<\/a><\/p>\n<p>La educaci\u00f3n a distancia es la \u00fanica modalidad educativa en crecimiento constante y sostenido. La necesidad\u00a0de\u00a0tener disponibles\u00a0educadores que puedan ense\u00f1ar en l\u00ednea genera la necesidad\u00a0de\u00a0tener cada vez m\u00e1s personal\u00a0de\u00a0apoyo que pueda capacitar a los\u00a0educadores en esta modalidad\u00a0de\u00a0ense\u00f1anza. Esta certificaci\u00f3n va dirigida a personas con que quieren colaborar con otros en el\u00a0desarrollo\u00a0de\u00a0sus conocimientos y\u00a0destrezas para ense\u00f1ar a distancia sea creado capacitaciones y talleres o brindado apoyo directo a los docentes.<\/p>\n<p>Cursos que son parte de la certificaci\u00f3n de Adiestrador de Educadores Virtuales:<\/p>\n<ol>\n<li><a href=\"https:\/\/decepenlinea.uprm.edu\/index.php\/product\/estrategias-avanzadas-para-cursos-en-linea-6\/\">Estrategias Avanzadas para Cursos en L\u00ednea<\/a>&#8211; Instructor: Dr. Jos\u00e9 R. Ferrer\/ Curso comienza el 9 de septiembre y culmina el 21 de octubre de 2025\/ curso moderado de 21 horas contacto.<\/li>\n<li><a href=\"https:\/\/decepenlinea.uprm.edu\/index.php\/product\/tendencias-en-la-educacion-a-distancia-7\/\">Tendencias en la Educaci\u00f3n a Distancia-<\/a> Instructor: Dr. Jos\u00e9 R. Ferrer\/ Curso comienza el segundo semestre 2025-2026\/ curso moderado de 21 horas contacto.<\/li>\n<\/ol>\n<p>Nota: Para obtener el certificado de Adiestrador de Educadores Virtuales, los participantes deben haber aprobado los tres cursos de la certificaci\u00f3n de Educador Virtual y haber aprobado el curso de Estrategias Avanzadas para Cursos en L\u00ednea y el curso de Tendencias en la Educaci\u00f3n a Distancia.\u00a0 <strong>Pueden tomar los cursos de la certificaci\u00f3n de Adiestrador de Educadores Virtuales sin haber tomado los cursos de la certificaci\u00f3n de Educador Virtual ya que no tienen pre-requisitos y de igual forma pueden tomar los cursos de la certificaci\u00f3n de Adiestrador de Educadores Virtual simult\u00e1neos con los cursos de la certificaci\u00f3n de Educador Virtual.<\/strong><\/p>\n<p>Todos los cursos son moderados, en modalidad asincr\u00f3nica y est\u00e1n dise\u00f1ados con el Modelo Multi Estrat\u00e9gico para la Ense\u00f1anza Efectiva en L\u00ednea. Se utiliza una estructura que facilita la participaci\u00f3n\u00a0del estudiante. Las t\u00e9cnicas incluyen video aprendizaje, micro aprendizaje, aprendizaje social y aprendizaje m\u00f3vil. Las estrategias para facilitar todos los cursos son los 7 principios\u00a0de\u00a0la ense\u00f1anza efectiva, la ense\u00f1anza constructivista, la ense\u00f1anza basada en problemas y la ense\u00f1anza diferenciada.<\/p>\n<p>En conjunto, el participante culmina el proceso con 5 cursos certificados y 2 certificaciones de especialidad; la de Educador Virtual y la de Adiestrador de Educadores Virtuales (7 certificados en total) con la equivalencia de 102 horas de capacitaci\u00f3n en el tema de educaci\u00f3n a distancia.<\/p>\n<p>Estas certificaciones son las credenciales m\u00e1s reconocidas en Puerto Rico en estos momentos sobre estos temas, a lo que se a\u00f1ade que el Centro de Recursos para la Educaci\u00f3n a Distancia (CREAD), qui\u00e9n las desarroll\u00f3 y administra, llev\u00f3 al Recinto Universitario de Mayag\u00fcez de la Universidad de Puerto Rico a ser la \u00fanica instituci\u00f3n educativa con un curso aprobado en calidad por Quality Matters.\u00a0\u00a0El dise\u00f1o de estos 5 cursos, sus pr\u00e1cticas para facilitarlos y el contenido compartido es reflejo de esta distinci\u00f3n.<\/p>\n<p>Una vez pases por el proceso de pago tendr\u00e1s acceso de inmediato al Sistema de Gerencia de Aprendizaje de la clase, pero no tendr\u00e1s acceso al contenido hasta la fecha de comienzo del curso.<\/p>\n<p><strong>*El certificado del curso se enviar\u00e1 digital por correo electr\u00f3nico.<\/strong><\/p>\n<p>&nbsp;<\/p>\n","protected":false},"excerpt":{"rendered":"<p><strong>Horas Contacto: <\/strong>102<\/p>\n","protected":false},"featured_media":3750,"comment_status":"closed","ping_status":"closed","template":"","meta":{"_links_to":"","_links_to_target":""},"product_brand":[],"product_cat":[17,11147],"product_tag":[],"class_list":{"0":"post-44816","1":"product","2":"type-product","3":"status-publish","4":"has-post-thumbnail","6":"product_cat-uncategorized","7":"product_cat-cursos2025","9":"first","10":"instock","11":"sold-individually","12":"shipping-taxable","13":"purchasable","14":"product-type-simple"},"_links":{"self":[{"href":"https:\/\/decepenlinea.uprm.edu\/index.php\/wp-json\/wp\/v2\/product\/44816","targetHints":{"allow":["GET"]}}],"collection":[{"href":"https:\/\/decepenlinea.uprm.edu\/index.php\/wp-json\/wp\/v2\/product"}],"about":[{"href":"https:\/\/decepenlinea.uprm.edu\/index.php\/wp-json\/wp\/v2\/types\/product"}],"replies":[{"embeddable":true,"href":"https:\/\/decepenlinea.uprm.edu\/index.php\/wp-json\/wp\/v2\/comments?post=44816"}],"wp:featuredmedia":[{"embeddable":true,"href":"https:\/\/decepenlinea.uprm.edu\/index.php\/wp-json\/wp\/v2\/media\/3750"}],"wp:attachment":[{"href":"https:\/\/decepenlinea.uprm.edu\/index.php\/wp-json\/wp\/v2\/media?parent=44816"}],"wp:term":[{"taxonomy":"product_brand","embeddable":true,"href":"https:\/\/decepenlinea.uprm.edu\/index.php\/wp-json\/wp\/v2\/product_brand?post=44816"},{"taxonomy":"product_cat","embeddable":true,"href":"https:\/\/decepenlinea.uprm.edu\/index.php\/wp-json\/wp\/v2\/product_cat?post=44816"},{"taxonomy":"product_tag","embeddable":true,"href":"https:\/\/decepenlinea.uprm.edu\/index.php\/wp-json\/wp\/v2\/product_tag?post=44816"}],"curies":[{"name":"wp","href":"https:\/\/api.w.org\/{rel}","templated":true}]}}