{"id":44492,"date":"2025-04-08T10:17:28","date_gmt":"2025-04-08T14:17:28","guid":{"rendered":"https:\/\/decepenlinea.uprm.edu\/?post_type=product&#038;p=44492"},"modified":"2025-04-08T14:11:07","modified_gmt":"2025-04-08T18:11:07","slug":"certificacion-como-barista-profesional-de-barista-hasta-crear-tu-coffee-shop-descuento-hijo-de-empleado","status":"publish","type":"product","link":"https:\/\/decepenlinea.uprm.edu\/index.php\/product\/certificacion-como-barista-profesional-de-barista-hasta-crear-tu-coffee-shop-descuento-hijo-de-empleado\/","title":{"rendered":"Certificaci\u00f3n como barista profesional: De barista hasta crear tu coffee shop (Descuento hijo de empleado)"},"content":{"rendered":"<p>\u00a1Certif\u00edcate como barista profesional y descubre c\u00f3mo abrir tu propio coffee shop con nuestro curso &#8220;Certificaci\u00f3n como barista profesional: De barista hasta crear tu coffee shop&#8221;!<\/p>\n<p>Este curso es perfecto para aquellos que desean sumergirse en el mundo del caf\u00e9 sin experiencia previa.<\/p>\n<p>Aprender\u00e1s desde la historia y transformaci\u00f3n de la semilla hasta la preparaci\u00f3n de la bebida en diferentes m\u00e9todos de extracci\u00f3n. Distinguir\u00e1s sabores y aromas, conocer\u00e1s el proceso de transformaci\u00f3n del caf\u00e9 y adquirir\u00e1s habilidades t\u00e9cnicas como el arte del latte y la calibraci\u00f3n del equipo.<\/p>\n<p>Nuestros videos de alta calidad te ofrecer\u00e1n contenido pr\u00e1ctico y demostrativo, accesible desde cualquier dispositivo con conexi\u00f3n a Internet. Adem\u00e1s, contar\u00e1s con una plataforma educativa para plantear preguntas y recibir respuestas, y una gu\u00eda descargable en PDF con todos los conceptos del curso.<\/p>\n<p>Pero eso no es todo. Tambi\u00e9n tendr\u00e1s la oportunidad de aplicar tus conocimientos en un entorno real. \u00a1Disfrutar\u00e1s de horas de pr\u00e1ctica en vivo en un coffee bar! Asistido por un instructor certificado, podr\u00e1s poner en pr\u00e1ctica los conceptos aprendidos y perfeccionar tus habilidades en la preparaci\u00f3n del caf\u00e9 y el arte del latte.<\/p>\n<p>No necesitas prerrequisitos, \u00a1todos son bienvenidos a certificarse como baristas profesionales y explorar la creaci\u00f3n de su propio coffee shop! Aprovecha esta oportunidad \u00fanica para convertirte en un experto del caf\u00e9 y llevar tus habilidades al siguiente nivel. \u00a1Inscr\u00edbete ahora y comienza tu viaje en el apasionante mundo del barismo y la creaci\u00f3n de tu coffee shop!<\/p>\n<p><strong>Modalidad del curso:<\/strong><\/p>\n<p>Este es un curso *moderado con estrategia sincr\u00f3nica (14 horas de videoconferencia), asincr\u00f3nica (10 horas de tareas) y 16 horas pr\u00e1cticas en el coffee bar. <a href=\"https:\/\/drive.google.com\/file\/d\/1Nni8Bdu4kORXe6Mjt9Mi30gNFCprIBrC\/view?usp=drive_link\">Ver calendario acad\u00e9mico del curso.<\/a><\/p>\n<p>Una vez pases por el proceso de pago tendr\u00e1s acceso de inmediato al Sistema de Gerencia de Aprendizaje (SGA) de la clase para que te familiarices con su funcionamiento. Podr\u00e1s comenzar a ver el curso en tu \u00e1rea personal del SGA el d\u00eda estipulado para su comienzo.<\/p>\n<p>Se ofrece un certificado de aprobaci\u00f3n al haber completado el curso con la puntuaci\u00f3n m\u00ednima de ejecuci\u00f3n.<\/p>\n<p><strong>El certificado del curso se enviar\u00e1 digital por correo electr\u00f3nico<\/strong><strong>.<\/strong><\/p>\n<p>&nbsp;<\/p>\n<p><strong>*\u00bfQue son los c<\/strong><strong>ursos <\/strong><strong>m<\/strong><strong>oderados<\/strong><strong>?<\/strong><\/p>\n<p>Los cursos moderados son aquellos en el que el instructor lo facilita y tiene interacciones frecuentes con los participantes. La mayor\u00eda de estos cursos tienen fecha de apertura y cierre para cada lecci\u00f3n de la clase. Suele haber metodolog\u00eda de aprendizaje social en estos cursos. Puedes hacer preguntas al instructor y te estar\u00e1 respondiendo \u00a0en 72 horas laborables o menos. En los cursos moderados una vez pasas por el proceso de pago, tendr\u00e1s acceso al Sistema de Gerencia de Aprendizaje del curso, pero no al curso, hasta la fecha de comienzo de este.<\/p>\n<p>&nbsp;<\/p>\n<p>Instrucciones para realizar tu pago:<\/p>\n<ol>\n<li>Coloca este art\u00edculo en el carrito de compras.<\/li>\n<li>Dir\u00edgete al bot\u00f3n titulado MI CUENTA, que est\u00e1 en la parte superior de esta p\u00e1gina.<\/li>\n<li>Presiona: No tienes una cuenta<\/li>\n<li>Crea tu cuenta colocando: Nombre, Apellido y Correo electr\u00f3nico<\/li>\n<li>Presiona: Registrarse<\/li>\n<li>Ve al carrito de compras<\/li>\n<li>Presiona: proceder a pagar<\/li>\n<li>Coloca la informaci\u00f3n de tu tarjeta American Express, Visa o MasterCard.<\/li>\n<li>Al finalizar, recibir\u00e1s un recibo de pago en el correo electr\u00f3nico con el que te registraste.<\/li>\n<\/ol>\n<p>&nbsp;<\/p>\n<p>El siguiente tutorial explicar\u00e1 paso a paso c\u00f3mo hacer tu pago:<\/p>\n<p>&nbsp;<\/p>\n<p><iframe loading=\"lazy\" title=\"Video pago examen ingle\u0301s final\" width=\"800\" height=\"450\" src=\"https:\/\/www.youtube.com\/embed\/U_HDK7mLuGA?feature=oembed\" frameborder=\"0\" allow=\"accelerometer; autoplay; clipboard-write; encrypted-media; gyroscope; picture-in-picture; web-share\" referrerpolicy=\"strict-origin-when-cross-origin\" allowfullscreen><\/iframe><\/p>\n<p>&nbsp;<\/p>\n<p>&nbsp;<\/p>\n<p>&nbsp;<\/p>\n","protected":false},"excerpt":{"rendered":"<p><strong>Horario:<\/strong> moderado con estrategia sincr\u00f3nica (14 horas de videoconferencia), asincr\u00f3nica (10 horas de tareas) y 16 horas pr\u00e1cticas en el coffee bar.<\/p>\n<p><b>Fecha del curso:<\/b>\u00a0 Comienza el 2 de abril al 24 de mayo de 2025. <a href=\"https:\/\/drive.google.com\/file\/d\/1Nni8Bdu4kORXe6Mjt9Mi30gNFCprIBrC\/view?usp=drive_link\">Ver calendario acad\u00e9mico del curso<\/a><\/p>\n<p><b>Matr\u00edcula:<\/b>\u00a0 Puedes reservar espacio desde el este momento (mientras duren los espacios).<\/p>\n<p><strong>Equivalencia de horas contacto:<\/strong> 40<\/p>\n<p><strong>Espacios:<\/strong> 15<\/p>\n","protected":false},"featured_media":37207,"comment_status":"closed","ping_status":"closed","template":"","meta":{"_links_to":"","_links_to_target":""},"product_brand":[],"product_cat":[17],"product_tag":[],"class_list":{"0":"post-44492","1":"product","2":"type-product","3":"status-publish","4":"has-post-thumbnail","6":"product_cat-uncategorized","8":"first","9":"outofstock","10":"shipping-taxable","11":"purchasable","12":"product-type-simple"},"_links":{"self":[{"href":"https:\/\/decepenlinea.uprm.edu\/index.php\/wp-json\/wp\/v2\/product\/44492","targetHints":{"allow":["GET"]}}],"collection":[{"href":"https:\/\/decepenlinea.uprm.edu\/index.php\/wp-json\/wp\/v2\/product"}],"about":[{"href":"https:\/\/decepenlinea.uprm.edu\/index.php\/wp-json\/wp\/v2\/types\/product"}],"replies":[{"embeddable":true,"href":"https:\/\/decepenlinea.uprm.edu\/index.php\/wp-json\/wp\/v2\/comments?post=44492"}],"wp:featuredmedia":[{"embeddable":true,"href":"https:\/\/decepenlinea.uprm.edu\/index.php\/wp-json\/wp\/v2\/media\/37207"}],"wp:attachment":[{"href":"https:\/\/decepenlinea.uprm.edu\/index.php\/wp-json\/wp\/v2\/media?parent=44492"}],"wp:term":[{"taxonomy":"product_brand","embeddable":true,"href":"https:\/\/decepenlinea.uprm.edu\/index.php\/wp-json\/wp\/v2\/product_brand?post=44492"},{"taxonomy":"product_cat","embeddable":true,"href":"https:\/\/decepenlinea.uprm.edu\/index.php\/wp-json\/wp\/v2\/product_cat?post=44492"},{"taxonomy":"product_tag","embeddable":true,"href":"https:\/\/decepenlinea.uprm.edu\/index.php\/wp-json\/wp\/v2\/product_tag?post=44492"}],"curies":[{"name":"wp","href":"https:\/\/api.w.org\/{rel}","templated":true}]}}