{"id":42872,"date":"2024-08-22T11:21:32","date_gmt":"2024-08-22T15:21:32","guid":{"rendered":"https:\/\/decepenlinea.uprm.edu\/?post_type=product&#038;p=42872"},"modified":"2025-08-26T11:29:20","modified_gmt":"2025-08-26T15:29:20","slug":"aumenta-tus-ventas-usando-inteligencia-artificial-y-neuromarketing","status":"publish","type":"product","link":"https:\/\/decepenlinea.uprm.edu\/index.php\/product\/aumenta-tus-ventas-usando-inteligencia-artificial-y-neuromarketing\/","title":{"rendered":"Aumenta tus ventas usando Inteligencia Artificial y Neuromarketing"},"content":{"rendered":"<p>\u00bfEst\u00e1s listo para transformar tu estrategia de ventas y llevar tu negocio al siguiente nivel?<\/p>\n<p><strong>&#8220;Aumenta tus Ventas Usando Inteligencia Artificial y Neuromarketing&#8221;<\/strong> es el curso imprescindible para due\u00f1os de negocios, especialistas en mercadeo, manejadores de redes sociales y emprendedores que buscan dominar las t\u00e9cnicas m\u00e1s avanzadas en la atracci\u00f3n y retenci\u00f3n de clientes.<\/p>\n<p>En un entorno empresarial donde cada decisi\u00f3n cuenta, este curso te proporciona las herramientas necesarias para entender a profundidad c\u00f3mo piensan y deciden tus consumidores. Aprender\u00e1s a integrar la inteligencia artificial y el neuromarketing en tus estrategias de marketing para crear campa\u00f1as irresistibles y personalizadas que maximicen tus resultados.<\/p>\n<p><strong>\u00bfQu\u00e9 obtendr\u00e1s?<\/strong><\/p>\n<ul>\n<li><strong>Dominio del Neuromarketing:<\/strong> Descubre c\u00f3mo el cerebro humano toma decisiones de compra y c\u00f3mo puedes influir en ellas.<\/li>\n<li><strong>Aplicaci\u00f3n Pr\u00e1ctica de la IA:<\/strong> Aprende a utilizar inteligencia artificial para personalizar la experiencia del cliente y mejorar la efectividad de tus campa\u00f1as.<\/li>\n<li><strong>Estrategias Basadas en Datos:<\/strong> Dise\u00f1a y ejecuta estrategias de marketing informadas por datos reales y comportamientos del consumidor.<\/li>\n<li><strong>Optimizaci\u00f3n Continua:<\/strong> Mide, eval\u00faa y ajusta tus campa\u00f1as para asegurar un \u00e9xito constante.<\/li>\n<\/ul>\n<p>No necesitas conocimientos previos en inteligencia artificial ni neuromarketing. Solo necesitas la visi\u00f3n de llevar tu negocio a nuevas alturas.<\/p>\n<p>\u00a1Inscr\u00edbete ahora y descubre el poder de la IA y el neuromarketing para revolucionar tus ventas!<\/p>\n<p>&nbsp;<\/p>\n<p><strong>Modalidad del curso:<\/strong><\/p>\n<p>Este es un curso autodirigido, en modalidad asincr\u00f3nica que te ofrece una credencial con certificado de equivalencia de 15 horas contacto. Se utiliza una estructura que facilita la participaci\u00f3n del estudiante. Las t\u00e9cnicas incluyen video aprendizaje, micro aprendizaje, aprendizaje social y aprendizaje m\u00f3vil.\u00a0 Es un curso flexible ya que se puede participar en cualquier momento y desde cualquier lugar que te encuentres mientras dure el curso.<\/p>\n<p>Una vez pases por el proceso de pago tendr\u00e1s acceso de inmediato al Sistema de Gerencia de Aprendizaje de la clase, todas las lecciones se encontrar\u00e1n abiertas y podr\u00e1s realizar el curso a tu propio paso hasta la fecha de cierre establecida.<\/p>\n<p>Se ofrece un certificado de aprobaci\u00f3n al haber completado el curso con la puntuaci\u00f3n m\u00ednima de ejecuci\u00f3n.<\/p>\n<p><strong>*El certificado del curso se enviar\u00e1 digital por correo electr\u00f3nico.<\/strong><\/p>\n<p>&nbsp;<\/p>\n<p>&nbsp;<\/p>\n","protected":false},"excerpt":{"rendered":"<p><strong>Instructor:<\/strong> CREAD<\/p>\n<p><strong>Horario:<\/strong> Curso en l\u00ednea &#8211; AUTODIRIGIDO<\/p>\n<p><strong>Acceso al curso:<\/strong> Una vez pase por el proceso de pago, tendr\u00e1 acceso al curso de forma inmediata. Las pruebas y tareas cerrar\u00e1n el 13 de diciembre de 2024, pero tendr\u00e1 acceso a los materiales de forma indefinida.<\/p>\n<p><strong>Equivalencia de horas contacto:<\/strong> 15<\/p>\n<p><strong>Espacios:<\/strong>\u00a015<\/p>\n","protected":false},"featured_media":42878,"comment_status":"closed","ping_status":"closed","template":"","meta":{"_links_to":"","_links_to_target":""},"product_brand":[],"product_cat":[17,11147],"product_tag":[],"class_list":{"0":"post-42872","1":"product","2":"type-product","3":"status-publish","4":"has-post-thumbnail","6":"product_cat-uncategorized","7":"product_cat-cursos2025","9":"first","10":"instock","11":"downloadable","12":"virtual","13":"purchasable","14":"product-type-simple"},"_links":{"self":[{"href":"https:\/\/decepenlinea.uprm.edu\/index.php\/wp-json\/wp\/v2\/product\/42872","targetHints":{"allow":["GET"]}}],"collection":[{"href":"https:\/\/decepenlinea.uprm.edu\/index.php\/wp-json\/wp\/v2\/product"}],"about":[{"href":"https:\/\/decepenlinea.uprm.edu\/index.php\/wp-json\/wp\/v2\/types\/product"}],"replies":[{"embeddable":true,"href":"https:\/\/decepenlinea.uprm.edu\/index.php\/wp-json\/wp\/v2\/comments?post=42872"}],"wp:featuredmedia":[{"embeddable":true,"href":"https:\/\/decepenlinea.uprm.edu\/index.php\/wp-json\/wp\/v2\/media\/42878"}],"wp:attachment":[{"href":"https:\/\/decepenlinea.uprm.edu\/index.php\/wp-json\/wp\/v2\/media?parent=42872"}],"wp:term":[{"taxonomy":"product_brand","embeddable":true,"href":"https:\/\/decepenlinea.uprm.edu\/index.php\/wp-json\/wp\/v2\/product_brand?post=42872"},{"taxonomy":"product_cat","embeddable":true,"href":"https:\/\/decepenlinea.uprm.edu\/index.php\/wp-json\/wp\/v2\/product_cat?post=42872"},{"taxonomy":"product_tag","embeddable":true,"href":"https:\/\/decepenlinea.uprm.edu\/index.php\/wp-json\/wp\/v2\/product_tag?post=42872"}],"curies":[{"name":"wp","href":"https:\/\/api.w.org\/{rel}","templated":true}]}}