{"id":42768,"date":"2024-08-07T16:27:51","date_gmt":"2024-08-07T20:27:51","guid":{"rendered":"https:\/\/decepenlinea.uprm.edu\/?post_type=product&#038;p=42768"},"modified":"2024-08-22T19:06:54","modified_gmt":"2024-08-22T23:06:54","slug":"comision-de-matriculados-repaso-para-la-matematica-em-30-julio-2023-al-8-junio-2024","status":"publish","type":"product","link":"https:\/\/decepenlinea.uprm.edu\/index.php\/product\/comision-de-matriculados-repaso-para-la-matematica-em-30-julio-2023-al-8-junio-2024\/","title":{"rendered":"Comisi\u00f3n de matriculados Repaso para la Matem\u00e1tica (EM) (30.julio.2023 al 8.junio.2024)"},"content":{"rendered":"<p>Enlace generado para el pago de la comisi\u00f3n establecida (25%) por participante matriculado en los Repasos de Matem\u00e1tica tomados a trav\u00e9s de Enriched Minds.<\/p>\n<p>Participantes matriculados desde el 30 de julio de 2023 al 8 de junio de 2024. Total de<br \/>\n9 matriculados.<\/p>\n<p>$65.00 X 9 = $585.00 X 25% = $146.25<\/p>\n","protected":false},"excerpt":{"rendered":"<p>Cantidad de participantes- 9<br \/>\n25% = $146.25<\/p>\n","protected":false},"featured_media":3745,"comment_status":"closed","ping_status":"closed","template":"","meta":{"_links_to":"","_links_to_target":""},"product_brand":[],"product_cat":[254],"product_tag":[],"class_list":{"0":"post-42768","1":"product","2":"type-product","3":"status-publish","4":"has-post-thumbnail","6":"product_cat-upr-mayaguez","8":"first","9":"outofstock","10":"shipping-taxable","11":"purchasable","12":"product-type-simple"},"_links":{"self":[{"href":"https:\/\/decepenlinea.uprm.edu\/index.php\/wp-json\/wp\/v2\/product\/42768","targetHints":{"allow":["GET"]}}],"collection":[{"href":"https:\/\/decepenlinea.uprm.edu\/index.php\/wp-json\/wp\/v2\/product"}],"about":[{"href":"https:\/\/decepenlinea.uprm.edu\/index.php\/wp-json\/wp\/v2\/types\/product"}],"replies":[{"embeddable":true,"href":"https:\/\/decepenlinea.uprm.edu\/index.php\/wp-json\/wp\/v2\/comments?post=42768"}],"wp:featuredmedia":[{"embeddable":true,"href":"https:\/\/decepenlinea.uprm.edu\/index.php\/wp-json\/wp\/v2\/media\/3745"}],"wp:attachment":[{"href":"https:\/\/decepenlinea.uprm.edu\/index.php\/wp-json\/wp\/v2\/media?parent=42768"}],"wp:term":[{"taxonomy":"product_brand","embeddable":true,"href":"https:\/\/decepenlinea.uprm.edu\/index.php\/wp-json\/wp\/v2\/product_brand?post=42768"},{"taxonomy":"product_cat","embeddable":true,"href":"https:\/\/decepenlinea.uprm.edu\/index.php\/wp-json\/wp\/v2\/product_cat?post=42768"},{"taxonomy":"product_tag","embeddable":true,"href":"https:\/\/decepenlinea.uprm.edu\/index.php\/wp-json\/wp\/v2\/product_tag?post=42768"}],"curies":[{"name":"wp","href":"https:\/\/api.w.org\/{rel}","templated":true}]}}