{"id":41925,"date":"2024-06-13T18:45:42","date_gmt":"2024-06-13T22:45:42","guid":{"rendered":"https:\/\/decepenlinea.uprm.edu\/?post_type=product&#038;p=41925"},"modified":"2024-06-13T19:22:03","modified_gmt":"2024-06-13T23:22:03","slug":"certificado-de-convalidacion-horas-contacto-webinar-inteligencia-artificial-para-la-optimizacion-de-la-productividad-emil-cosme","status":"publish","type":"product","link":"https:\/\/decepenlinea.uprm.edu\/index.php\/product\/certificado-de-convalidacion-horas-contacto-webinar-inteligencia-artificial-para-la-optimizacion-de-la-productividad-emil-cosme\/","title":{"rendered":"Certificado de convalidaci\u00f3n horas contacto webinar: Inteligencia Artificial  para la Optimizaci\u00f3n de la Productividad (Emil Cosme)"},"content":{"rendered":"<p>Aqu\u00ed pagar\u00e1s el certificado de convalidaci\u00f3n por las 3.5 horas contacto de participaci\u00f3n al webinar <b><i>Auspiciado por el Centro de Recursos para la Educaci\u00f3n a Distancia (CREAD)<\/i><\/b><b><i> del Recinto de Mayag\u00fcez de la Universidad de Puerto Rico <\/i><\/b>titulado:<\/p>\n<div align=\"center\"><b>Inteligencia Artificial para la Optimizaci\u00f3n de la Productividad<\/b><\/div>\n<div><\/div>\n<p>&nbsp;<\/p>\n<p><strong>Beneficios de obtener un Certificado de Participaci\u00f3n en este tema<\/strong><\/p>\n<ol>\n<li><strong>Credibilidad y Prestigio Profesional<\/strong>: Tener un certificado de participaci\u00f3n en un webinar sobre Inteligencia Artificial es un distintivo que puede potenciar su perfil profesional. Este tipo de credenciales puede diferenciarlo en un mercado laboral cada vez m\u00e1s competitivo, demostrando su compromiso con el aprendizaje continuo y la innovaci\u00f3n.<\/li>\n<li><strong>Requisito para la Educaci\u00f3n Continua<\/strong>: Muchos organismos reguladores y juntas examinadoras requieren que sus miembros completen horas de educaci\u00f3n continua para mantener sus credenciales. Nuestro certificado puede ser presentado como prueba de cumplimiento de estas horas, lo cual no solo le mantiene al d\u00eda, sino que tambi\u00e9n fortalece su posicionamiento en su campo.<\/li>\n<li><strong>Horas de \u00c9tica Gubernamental<\/strong>: Adem\u00e1s, este certificado puede ser utilizado como parte de sus horas de \u00e9tica gubernamental, un requisito esencial para muchos profesionales que trabajan en o con el sector p\u00fablico.<\/li>\n<li><strong>Ventaja Competitiva<\/strong>: Un conocimiento actualizado sobre IA puede abrirle puertas a nuevas oportunidades laborales y de negocios, ya que las empresas buscan constantemente a profesionales capacitados en estas tecnolog\u00edas emergentes.<\/li>\n<\/ol>\n<div>\n<p>Recibir\u00e1s tu certificado al correo electr\u00f3nico el d\u00eda del webinar, al culminar el mismo. Su certificado saldr\u00e1 con el nombre con el cual se registr\u00f3 al momento de realizar su pago.<\/p>\n<h3>Instrucciones para realizar su pago<\/h3>\n<p>1. Colocar el art\u00edculo (curso, certificaci\u00f3n o seminario en l\u00ednea) en el carrito de compras.<\/p>\n<p>2. Ir al bot\u00f3n titulado MI CUENTA, el cual se encuentra en la parte superior de esta p\u00e1gina.<\/p>\n<p>3. Oprime: Don\u2019t have an Account<\/p>\n<p>4. Crea tu cuenta colocando: Nombre, Apellido y Correo electr\u00f3nico<\/p>\n<p>5. Oprime: Register<\/p>\n<p>6. Ir al carrito de compra<\/p>\n<p>7. Oprime: proceder a pagar<\/p>\n<p>8. Colocar informaci\u00f3n de tarjeta American Express, Visa o Master Card.<\/p>\n<p>9. Al culminar, recibir\u00e1s recibo de pago en el correo electr\u00f3nico con el cual te registraste.<\/p>\n<\/div>\n","protected":false},"excerpt":{"rendered":"<p>Aqu\u00ed pagar\u00e1s el certificado de convalidaci\u00f3n por las 3.5 horas de asistencia al seminario en l\u00ednea: <b>Inteligencia Artificial para la Optimizaci\u00f3n de la Productividad<\/b><\/p>\n<p>Recibir\u00e1s tu certificado al correo electr\u00f3nico el d\u00eda del webinar, al culminar el mismo. Su certificado saldr\u00e1 con el nombre con el cual se registr\u00f3 al momento de realizar su pago.<\/p>\n<h3>Instrucciones para realizar su pago<\/h3>\n<p>1. Colocar el art\u00edculo (curso, certificaci\u00f3n o seminario en l\u00ednea) en el carrito de compras.<\/p>\n<p>2. Ir al bot\u00f3n titulado MI CUENTA, el cual se encuentra en la parte superior de esta p\u00e1gina.<\/p>\n<p>3. Oprime: Don\u2019t have an Account<\/p>\n<p>4. Crea tu cuenta colocando: Nombre, Apellido y Correo electr\u00f3nico<\/p>\n<p>5. Oprime: Register<\/p>\n<p>6. Ir al carrito de compra<\/p>\n<p>7. Oprime: proceder a pagar<\/p>\n<p>8. Colocar informaci\u00f3n de tarjeta American Express, Visa o Master Card.<\/p>\n<p>9. Al culminar, recibir\u00e1s recibo de pago en el correo electr\u00f3nico con el cual te registraste.<\/p>\n","protected":false},"featured_media":3753,"comment_status":"closed","ping_status":"closed","template":"","meta":{"_links_to":"","_links_to_target":""},"product_brand":[],"product_cat":[17],"product_tag":[],"class_list":{"0":"post-41925","1":"product","2":"type-product","3":"status-publish","4":"has-post-thumbnail","6":"product_cat-uncategorized","8":"first","9":"outofstock","10":"virtual","11":"purchasable","12":"product-type-simple"},"_links":{"self":[{"href":"https:\/\/decepenlinea.uprm.edu\/index.php\/wp-json\/wp\/v2\/product\/41925","targetHints":{"allow":["GET"]}}],"collection":[{"href":"https:\/\/decepenlinea.uprm.edu\/index.php\/wp-json\/wp\/v2\/product"}],"about":[{"href":"https:\/\/decepenlinea.uprm.edu\/index.php\/wp-json\/wp\/v2\/types\/product"}],"replies":[{"embeddable":true,"href":"https:\/\/decepenlinea.uprm.edu\/index.php\/wp-json\/wp\/v2\/comments?post=41925"}],"wp:featuredmedia":[{"embeddable":true,"href":"https:\/\/decepenlinea.uprm.edu\/index.php\/wp-json\/wp\/v2\/media\/3753"}],"wp:attachment":[{"href":"https:\/\/decepenlinea.uprm.edu\/index.php\/wp-json\/wp\/v2\/media?parent=41925"}],"wp:term":[{"taxonomy":"product_brand","embeddable":true,"href":"https:\/\/decepenlinea.uprm.edu\/index.php\/wp-json\/wp\/v2\/product_brand?post=41925"},{"taxonomy":"product_cat","embeddable":true,"href":"https:\/\/decepenlinea.uprm.edu\/index.php\/wp-json\/wp\/v2\/product_cat?post=41925"},{"taxonomy":"product_tag","embeddable":true,"href":"https:\/\/decepenlinea.uprm.edu\/index.php\/wp-json\/wp\/v2\/product_tag?post=41925"}],"curies":[{"name":"wp","href":"https:\/\/api.w.org\/{rel}","templated":true}]}}