{"id":39880,"date":"2023-11-17T10:47:52","date_gmt":"2023-11-17T14:47:52","guid":{"rendered":"https:\/\/decepenlinea.uprm.edu\/?post_type=product&#038;p=39880"},"modified":"2024-01-12T11:33:42","modified_gmt":"2024-01-12T15:33:42","slug":"capacitacion-en-ensenanza-a-distancia-para-docentes-del-rum-sec-013","status":"publish","type":"product","link":"https:\/\/decepenlinea.uprm.edu\/index.php\/product\/capacitacion-en-ensenanza-a-distancia-para-docentes-del-rum-sec-013\/","title":{"rendered":"Capacitaci\u00f3n en Ense\u00f1anza a Distancia para Docentes del RUM  (sec.013)"},"content":{"rendered":"<p><span lang=\"es\" xml:lang=\"es\">Este es un curso autodirigido por estudio independiente que presenta los conocimientos y destrezas m\u00ednimas necesarias para crear y administrar un curso h\u00edbrido o a distancia en el Sistema de Gerencia de Aprendizaje (SGA) de la Universidad de Puerto Rico. Este curso se facilita para el cumplimiento con la Certificaci\u00f3n del Senado Acad\u00e9mico N\u00famero 19-85: Gu\u00edas para el ofrecimiento de cursos a distancia, del 26 de noviembre del 2019. Los temas cubren los aspectos de ense\u00f1anza, la creaci\u00f3n de materiales educativos y el uso del SGA.\u00a0<\/span><\/p>\n<p>Este curso tiene tres \u00e1reas: Aspectos Educativos de la Ense\u00f1anza a Distancia (con base cient\u00edfica en el neuroaprendizaje), Creaci\u00f3n de Materiales Educativos para Cursos a Distancia y Pr\u00e1ctica en Moodle, que es nuestro Sistema de Gesti\u00f3n de Aprendizaje Institucional. Los aspectos de ense\u00f1anza han sido identificados como los m\u00e1s importantes dentro de la capacitaci\u00f3n debido a que un gran por ciento de la facultad tiene poca o ninguna preparaci\u00f3n formal en estos temas. El curso cuenta con 18 m\u00f3dulo para el que se espera inviertas 1 hora en cada uno. Para la tarea final se asignan un total de 7 horas. De esta manera se certifica una equivalencia a 25 horas de educaci\u00f3n continuada.<\/p>\n","protected":false},"excerpt":{"rendered":"<p><strong>Horas Contacto: <\/strong>25<\/p>\n<p>Deber\u00e1 completar el curso en o antes del 13 de diciembre de 2023.<\/p>\n","protected":false},"featured_media":3730,"comment_status":"closed","ping_status":"closed","template":"","meta":{"_links_to":"","_links_to_target":""},"product_brand":[],"product_cat":[17],"product_tag":[],"class_list":{"0":"post-39880","1":"product","2":"type-product","3":"status-publish","4":"has-post-thumbnail","6":"product_cat-uncategorized","8":"first","9":"instock","10":"sold-individually","11":"shipping-taxable","12":"purchasable","13":"product-type-simple"},"_links":{"self":[{"href":"https:\/\/decepenlinea.uprm.edu\/index.php\/wp-json\/wp\/v2\/product\/39880","targetHints":{"allow":["GET"]}}],"collection":[{"href":"https:\/\/decepenlinea.uprm.edu\/index.php\/wp-json\/wp\/v2\/product"}],"about":[{"href":"https:\/\/decepenlinea.uprm.edu\/index.php\/wp-json\/wp\/v2\/types\/product"}],"replies":[{"embeddable":true,"href":"https:\/\/decepenlinea.uprm.edu\/index.php\/wp-json\/wp\/v2\/comments?post=39880"}],"wp:featuredmedia":[{"embeddable":true,"href":"https:\/\/decepenlinea.uprm.edu\/index.php\/wp-json\/wp\/v2\/media\/3730"}],"wp:attachment":[{"href":"https:\/\/decepenlinea.uprm.edu\/index.php\/wp-json\/wp\/v2\/media?parent=39880"}],"wp:term":[{"taxonomy":"product_brand","embeddable":true,"href":"https:\/\/decepenlinea.uprm.edu\/index.php\/wp-json\/wp\/v2\/product_brand?post=39880"},{"taxonomy":"product_cat","embeddable":true,"href":"https:\/\/decepenlinea.uprm.edu\/index.php\/wp-json\/wp\/v2\/product_cat?post=39880"},{"taxonomy":"product_tag","embeddable":true,"href":"https:\/\/decepenlinea.uprm.edu\/index.php\/wp-json\/wp\/v2\/product_tag?post=39880"}],"curies":[{"name":"wp","href":"https:\/\/api.w.org\/{rel}","templated":true}]}}