{"id":3946,"date":"2019-12-10T10:17:41","date_gmt":"2019-12-10T14:17:41","guid":{"rendered":"https:\/\/decepenlinea.uprm.edu\/?post_type=product&#038;p=3946"},"modified":"2020-06-22T10:27:06","modified_gmt":"2020-06-22T14:27:06","slug":"seminario-en-linea-introduccion-a-la-creatividad","status":"publish","type":"product","link":"https:\/\/decepenlinea.uprm.edu\/index.php\/product\/seminario-en-linea-introduccion-a-la-creatividad\/","title":{"rendered":"Seminario en l\u00ednea: Introducci\u00f3n a la Creatividad"},"content":{"rendered":"<p>El Dr. Jos\u00e9 R. Ferrer L\u00f3pez, autor de la gu\u00eda titulada Ser creativo: Gu\u00eda para inspirar tus ideas y la innovaci\u00f3n (Being Creative: A guide to inspire ideas and innovation) disponible en Amazon, presenta el resumen de una serie de t\u00e9cnicas y estrategias que te ayudar\u00e1n a ser m\u00e1s creativo. La creatividad es una de las destrezas m\u00e1s importante del siglo 21. Pasamos de la era del \u201csaber\u201d (conocimiento), a la era del \u201csaber hacer\u201d (destrezas) y ahora se espera que hagas cosas que nuevas, innovadoras, noveles, de una manera que no se hayan realizado antes, debes ser creativo. La creatividad es una destreza que se puede dar de manera natural en algunas personas, a\u00fan as\u00ed incluye unos procesos. Cuando se observan esos procesos podemos entender que son comportamientos que pueden ser replicados. Por lo tanto, podemos aprender a ser m\u00e1s creativos.<\/p>\n<p>Se proveer\u00e1 un certificado de participaci\u00f3n en formato digital.<\/p>\n","protected":false},"excerpt":{"rendered":"<p><strong>Recurso:<\/strong> Dr. Jos\u00e9 R. Ferrer<\/p>\n<p><strong>Horario:<\/strong> Live &#8211; 6:00 &#8211; 7:30 pm<\/p>\n<p><b>Matricula:<\/b> Hasta el 17 de junio de 2020<\/p>\n<p><b>Fecha:<\/b>\u00a0 18 de junio de 2020<\/p>\n<p><strong>Equivalencia de horas contacto:<\/strong> 1.5<\/p>\n<p><strong>Espacios:<\/strong>\u00a015<\/p>\n","protected":false},"featured_media":3947,"comment_status":"closed","ping_status":"closed","template":"","meta":{"_links_to":"","_links_to_target":""},"product_brand":[],"product_cat":[254],"product_tag":[],"class_list":{"0":"post-3946","1":"product","2":"type-product","3":"status-publish","4":"has-post-thumbnail","6":"product_cat-upr-mayaguez","8":"first","9":"outofstock","10":"downloadable","11":"virtual","12":"purchasable","13":"product-type-simple"},"_links":{"self":[{"href":"https:\/\/decepenlinea.uprm.edu\/index.php\/wp-json\/wp\/v2\/product\/3946","targetHints":{"allow":["GET"]}}],"collection":[{"href":"https:\/\/decepenlinea.uprm.edu\/index.php\/wp-json\/wp\/v2\/product"}],"about":[{"href":"https:\/\/decepenlinea.uprm.edu\/index.php\/wp-json\/wp\/v2\/types\/product"}],"replies":[{"embeddable":true,"href":"https:\/\/decepenlinea.uprm.edu\/index.php\/wp-json\/wp\/v2\/comments?post=3946"}],"wp:featuredmedia":[{"embeddable":true,"href":"https:\/\/decepenlinea.uprm.edu\/index.php\/wp-json\/wp\/v2\/media\/3947"}],"wp:attachment":[{"href":"https:\/\/decepenlinea.uprm.edu\/index.php\/wp-json\/wp\/v2\/media?parent=3946"}],"wp:term":[{"taxonomy":"product_brand","embeddable":true,"href":"https:\/\/decepenlinea.uprm.edu\/index.php\/wp-json\/wp\/v2\/product_brand?post=3946"},{"taxonomy":"product_cat","embeddable":true,"href":"https:\/\/decepenlinea.uprm.edu\/index.php\/wp-json\/wp\/v2\/product_cat?post=3946"},{"taxonomy":"product_tag","embeddable":true,"href":"https:\/\/decepenlinea.uprm.edu\/index.php\/wp-json\/wp\/v2\/product_tag?post=3946"}],"curies":[{"name":"wp","href":"https:\/\/api.w.org\/{rel}","templated":true}]}}