{"id":31263,"date":"2022-09-07T09:50:29","date_gmt":"2022-09-07T13:50:29","guid":{"rendered":"https:\/\/decepenlinea.uprm.edu\/?post_type=product&#038;p=31263"},"modified":"2022-09-07T19:13:37","modified_gmt":"2022-09-07T23:13:37","slug":"microsoft-excel-basico-descuento-de-hijo-de-empleado","status":"publish","type":"product","link":"https:\/\/decepenlinea.uprm.edu\/index.php\/product\/microsoft-excel-basico-descuento-de-hijo-de-empleado\/","title":{"rendered":"Microsoft Excel B\u00e1sico (Descuento de hijo de empleado)"},"content":{"rendered":"<p>En este curso cada estudiante adquiere los conceptos b\u00e1sicos para el uso y manejo del programa Microsoft Excel. No es necesario tener experiencia en el uso de computadoras. Se comienza desde cero. El estudiante se familiarizar\u00e1 con las hojas de trabajo de Excel, los comandos y funciones b\u00e1sicas y al final estar\u00e1 capacitado para preparar hojas de trabajo para aplicaciones sencillas e interactivas.<\/p>\n<p>El curso tiene una duraci\u00f3n de 6 semanas. Se espera que el estudiante dedique 2.5 horas por semana. El certificado que se le otorgar\u00e1 ser\u00e1 de acuerdo con su ejecuci\u00f3n en el curso.<\/p>\n<p>El curso de Microsoft Excel B\u00e1sico es parte de la <a href=\"https:\/\/decepenlinea.uprm.edu\/index.php\/product\/excel-completo-basico-intermedio-y-avanzado-para-empresas-4\/\">Certificaci\u00f3n de Excel Completo<\/a>.<\/p>\n<p>Puedes matricular el curso individual o como parte de la certificaci\u00f3n. Al pagarlo como parte de la certificaci\u00f3n, obtienes un descuento.<\/p>\n<p>Se ofrece un certificado de aprobaci\u00f3n al haber completado el curso con la puntuaci\u00f3n m\u00ednima de ejecuci\u00f3n.<\/p>\n<p>Este es un curso moderado con estrategia asincr\u00f3nica donde el participante adquiere la informaci\u00f3n con video aprendizaje. Es un curso flexible ya que se puede participar en cualquier momento y desde cualquier lugar que te encuentres mientras dure el curso. Abre una lecci\u00f3n por semana y el estudiante puede realizarla dentro de las fechas de apertura y cierre.<\/p>\n<p>Una vez pases por el proceso de pago tendr\u00e1s acceso de inmediato al Sistema de Gerencia de Aprendizaje de la clase, pero no tendr\u00e1s acceso al contenido hasta la fecha de comienzo del curso.<\/p>\n<p><strong>*El certificado del curso se enviar\u00e1 digital por correo electr\u00f3nico.<\/strong><\/p>\n","protected":false},"excerpt":{"rendered":"<p><b>Instructor: <\/b>Rafael Suarez<\/p>\n<p><strong>Horario:<\/strong> Curso en l\u00ednea &#8211; MODERADO\/ASINCR\u00d3NICO<\/p>\n<p><b>Fecha del curso:<\/b>\u00a0 14 de septiembre al 25 de octubre de 2022<\/p>\n<p><b>Matricula:<\/b> Puede reservar su espacio desde el 6 de mayo de 2022 (mientras duren los espacios).<\/p>\n<p><strong>Equivalencia de horas contacto:<\/strong> 15<\/p>\n<p><strong>Espacios:<\/strong> 15<\/p>\n<p>&nbsp;<\/p>\n","protected":false},"featured_media":3750,"comment_status":"closed","ping_status":"closed","template":"","meta":{"_links_to":"","_links_to_target":""},"product_brand":[],"product_cat":[17],"product_tag":[],"class_list":{"0":"post-31263","1":"product","2":"type-product","3":"status-publish","4":"has-post-thumbnail","6":"product_cat-uncategorized","8":"first","9":"outofstock","10":"sold-individually","11":"shipping-taxable","12":"purchasable","13":"product-type-simple"},"_links":{"self":[{"href":"https:\/\/decepenlinea.uprm.edu\/index.php\/wp-json\/wp\/v2\/product\/31263","targetHints":{"allow":["GET"]}}],"collection":[{"href":"https:\/\/decepenlinea.uprm.edu\/index.php\/wp-json\/wp\/v2\/product"}],"about":[{"href":"https:\/\/decepenlinea.uprm.edu\/index.php\/wp-json\/wp\/v2\/types\/product"}],"replies":[{"embeddable":true,"href":"https:\/\/decepenlinea.uprm.edu\/index.php\/wp-json\/wp\/v2\/comments?post=31263"}],"wp:featuredmedia":[{"embeddable":true,"href":"https:\/\/decepenlinea.uprm.edu\/index.php\/wp-json\/wp\/v2\/media\/3750"}],"wp:attachment":[{"href":"https:\/\/decepenlinea.uprm.edu\/index.php\/wp-json\/wp\/v2\/media?parent=31263"}],"wp:term":[{"taxonomy":"product_brand","embeddable":true,"href":"https:\/\/decepenlinea.uprm.edu\/index.php\/wp-json\/wp\/v2\/product_brand?post=31263"},{"taxonomy":"product_cat","embeddable":true,"href":"https:\/\/decepenlinea.uprm.edu\/index.php\/wp-json\/wp\/v2\/product_cat?post=31263"},{"taxonomy":"product_tag","embeddable":true,"href":"https:\/\/decepenlinea.uprm.edu\/index.php\/wp-json\/wp\/v2\/product_tag?post=31263"}],"curies":[{"name":"wp","href":"https:\/\/api.w.org\/{rel}","templated":true}]}}