{"id":27924,"date":"2022-01-31T08:50:29","date_gmt":"2022-01-31T12:50:29","guid":{"rendered":"https:\/\/decepenlinea.uprm.edu\/?post_type=product&#038;p=27924"},"modified":"2022-03-28T08:50:56","modified_gmt":"2022-03-28T12:50:56","slug":"practica-en-el-funcionamiento-de-moodle-3-x-plan-de-pago-ramon-arbona-y-victor-mesa","status":"publish","type":"product","link":"https:\/\/decepenlinea.uprm.edu\/index.php\/product\/practica-en-el-funcionamiento-de-moodle-3-x-plan-de-pago-ramon-arbona-y-victor-mesa\/","title":{"rendered":"Pr\u00e1ctica en el Funcionamiento de Moodle 3.X (Plan de pago Ram\u00f3n Arbona y V\u00edctor Mesa)"},"content":{"rendered":"<p dir=\"ltr\" style=\"text-align: left;\">Curso de pr\u00e1ctica donde los participantes tendr\u00e1n la oportunidad de abrir un curso en el Sistema de Gerencia de Aprendizaje determinado.\u00a0Luego har\u00e1n los ajustes necesarios iniciales para la preparaci\u00f3n del mismo.\u00a0Seguido crear\u00e1n la primera lecci\u00f3n para una clase, equivalente a la primera semana de clases, a\u00f1adiendo el tema o t\u00edtulo, descripci\u00f3n de la lecci\u00f3n e imagen para identificarla.\u00a0En crear adici\u00f3n\u00e1n secciones dentro de la lecci\u00f3n como \u00e1rea de contenido mediante videos, lecturas y enlaces, en adici\u00f3n a actividades como foros, encuestas y pruebas entre otras.<\/p>\n","protected":false},"excerpt":{"rendered":"<p>Plan de plago V\u00edctor Mesa y Ram\u00f3n Arbona<\/p>\n<p>Primer plazo: 31.enero.2022-$65.00 de V\u00edctor Mesa y $65.00 de Ram\u00f3n Arbona -pagado #recibo: 27925<\/p>\n<p>Segundo plazo: 28.febrero.2022-$65.00 de V\u00edctor Mesa y $65.00 de Ram\u00f3n Arbona-pagado #recibo 28603<\/p>\n<p>Tercer plazo: 28 de marzo de 2022- $65.00 de V\u00edctor Mesa y $65.00 de Ram\u00f3n Arbona-pagado #recibo 28873<\/p>\n<p>&#8212;&#8212;&#8212;&#8212;&#8212;&#8212;&#8212;&#8212;&#8212;&#8212;&#8212;&#8212;&#8212;&#8212;&#8212;&#8212;&#8212;&#8212;&#8212;&#8212;&#8211;<\/p>\n<p><strong>Profesor:<\/strong> Dr. Jos\u00e9 R. Ferrer L\u00f3pez<\/p>\n<p><strong>Horario:<\/strong> Curso en l\u00ednea &#8211; MODERADO<\/p>\n<p><b>Fecha del curso:<\/b> Comienza el 23 de febrero y culmina el 29 de marzo de 2022.<\/p>\n<p><b>Matricula:<\/b> Hasta el 22 de febrero de 2022 (mientras duren los espacios)<\/p>\n<p><strong>Equivalencia de horas contacto:<\/strong> 15<\/p>\n<p><strong>Espacios:<\/strong> 15<\/p>\n","protected":false},"featured_media":3734,"comment_status":"closed","ping_status":"closed","template":"","meta":{"_links_to":"","_links_to_target":""},"product_brand":[],"product_cat":[17],"product_tag":[],"class_list":{"0":"post-27924","1":"product","2":"type-product","3":"status-publish","4":"has-post-thumbnail","6":"product_cat-uncategorized","8":"first","9":"outofstock","10":"shipping-taxable","11":"purchasable","12":"product-type-simple"},"_links":{"self":[{"href":"https:\/\/decepenlinea.uprm.edu\/index.php\/wp-json\/wp\/v2\/product\/27924","targetHints":{"allow":["GET"]}}],"collection":[{"href":"https:\/\/decepenlinea.uprm.edu\/index.php\/wp-json\/wp\/v2\/product"}],"about":[{"href":"https:\/\/decepenlinea.uprm.edu\/index.php\/wp-json\/wp\/v2\/types\/product"}],"replies":[{"embeddable":true,"href":"https:\/\/decepenlinea.uprm.edu\/index.php\/wp-json\/wp\/v2\/comments?post=27924"}],"wp:featuredmedia":[{"embeddable":true,"href":"https:\/\/decepenlinea.uprm.edu\/index.php\/wp-json\/wp\/v2\/media\/3734"}],"wp:attachment":[{"href":"https:\/\/decepenlinea.uprm.edu\/index.php\/wp-json\/wp\/v2\/media?parent=27924"}],"wp:term":[{"taxonomy":"product_brand","embeddable":true,"href":"https:\/\/decepenlinea.uprm.edu\/index.php\/wp-json\/wp\/v2\/product_brand?post=27924"},{"taxonomy":"product_cat","embeddable":true,"href":"https:\/\/decepenlinea.uprm.edu\/index.php\/wp-json\/wp\/v2\/product_cat?post=27924"},{"taxonomy":"product_tag","embeddable":true,"href":"https:\/\/decepenlinea.uprm.edu\/index.php\/wp-json\/wp\/v2\/product_tag?post=27924"}],"curies":[{"name":"wp","href":"https:\/\/api.w.org\/{rel}","templated":true}]}}