{"id":27845,"date":"2022-01-25T15:36:36","date_gmt":"2022-01-25T19:36:36","guid":{"rendered":"https:\/\/decepenlinea.uprm.edu\/?post_type=product&#038;p=27845"},"modified":"2022-04-27T13:39:13","modified_gmt":"2022-04-27T17:39:13","slug":"cursos-de-la-certificacion-de-educador-virtual-universidad-albizu","status":"publish","type":"product","link":"https:\/\/decepenlinea.uprm.edu\/index.php\/product\/cursos-de-la-certificacion-de-educador-virtual-universidad-albizu\/","title":{"rendered":"Cursos de la Certificaci\u00f3n de Educador Virtual-(Universidad Albizu)"},"content":{"rendered":"<p>La Certificaci\u00f3n de Educador Virtual se ha convertido en la credencial m\u00e1s reconocida en el campo de la educaci\u00f3n a distancia en Puerto Rico. Tanto recintos de la Universidad de Puerto Rico como universidades privadas, exigen a sus docentes esta certificaci\u00f3n por ser la m\u00e1s completa y por motivar un cambio real y efectivo en las pr\u00e1cticas educativas en esta modalidad y en la presencial. Esta certificaci\u00f3n profesional capacita a los docentes con los conocimientos y destrezas para establecer una metodolog\u00eda de la ense\u00f1anza a distancia que resulte efectiva para los estudiantes. Tambi\u00e9n desarrolla las destrezas para la creaci\u00f3n de materiales educativos digitales y en el uso del sistema de gerencia de aprendizaje.<\/p>\n<p>Los participantes de la Universidad Albizu tomar\u00e1n los siguientes cursos los cuales son parte de la certificaci\u00f3n de Educador Virtual:<\/p>\n<ol>\n<li style=\"list-style-type: none;\">\n<ol>\n<li style=\"list-style-type: none;\">\n<ol>\n<li><a href=\"https:\/\/decepenlinea.uprm.edu\/index.php\/product\/diseno-y-creacion-de-materiales-educativos-para-cursos-en-linea-4\/\">Dise\u00f1o y Creaci\u00f3n de Materiales Educativos para Cursos en L\u00ednea<\/a>&#8211; Instructor: Dr. Jos\u00e9 R. Ferrer \/ Curso comienza el 6 de abril y\u00a0 culmina el 24 de mayo de 2021.<\/li>\n<li><a href=\"https:\/\/decepenlinea.uprm.edu\/index.php\/product\/creacion-de-cursos-en-linea-con-un-modelo-orientado-al-cerebro-2\/\">Creaci\u00f3n de Cursos en L\u00ednea con un Modelo Orientado al Cerebro<\/a>&#8211; Instructor: Dr. Jos\u00e9 R. Ferrer \/ Curso comienza en enero 2022.<\/li>\n<\/ol>\n<\/li>\n<\/ol>\n<\/li>\n<\/ol>\n<p>Se ofrece un certificado por cada curso completado con la puntuaci\u00f3n m\u00ednima de ejecuci\u00f3n. Ofrecemos equivalencia para el curso del Sistema de Gesti\u00f3n de Aprendizaje que utilice su instituci\u00f3n.<\/p>\n<p>En esta \u00e1rea estar\u00eda pagando por los 2 cursos en bloque. En los cursos moderados debe esperar la fecha de comienzo de cada uno. Para una descripci\u00f3n m\u00e1s detallada de cada curso puede visitar cada producto de manera individual. Una vez pases por el proceso de pago tendr\u00e1s acceso al Sistema de Gerencia de Aprendizaje de la clase, pero no tendr\u00e1s acceso al contenido hasta la fecha de comienzo del curso.<\/p>\n<div title=\"October 15, 2019 at 3:18:49 PM UTC-4\" data-tooltip=\"October 15, 2019 at 3:18:49 PM UTC-4\">\n<p><strong>*El certificado del curso se enviar\u00e1 digital por correo electr\u00f3nico.<\/strong><\/p>\n<\/div>\n","protected":false},"excerpt":{"rendered":"<p><strong>Horas Contacto: 45<\/strong><\/p>\n<p>Universidad Albizu<\/p>\n<p>Pago por dos cursos de la certificaci\u00f3n de Educador Virtual<\/p>\n<p>14 participantes por el curso de Creaci\u00f3n de Cursos en L\u00ednea con un Modelo Orientado al Cerebro<\/p>\n<p>$195.00 por 14 participantes= $2,730.00<\/p>\n<p>14 participantes por el curso de Dise\u00f1o y Creaci\u00f3n de Materiales Educativos para cursos en L\u00ednea<\/p>\n<p>$195.00 por 14 participantes= $2,730.00<\/p>\n<p>=$5,460.00<\/p>\n","protected":false},"featured_media":0,"comment_status":"closed","ping_status":"closed","template":"","meta":{"_links_to":"","_links_to_target":""},"product_brand":[],"product_cat":[254],"product_tag":[],"class_list":{"0":"post-27845","1":"product","2":"type-product","3":"status-publish","5":"product_cat-upr-mayaguez","7":"first","8":"outofstock","9":"sold-individually","10":"shipping-taxable","11":"purchasable","12":"product-type-simple"},"_links":{"self":[{"href":"https:\/\/decepenlinea.uprm.edu\/index.php\/wp-json\/wp\/v2\/product\/27845","targetHints":{"allow":["GET"]}}],"collection":[{"href":"https:\/\/decepenlinea.uprm.edu\/index.php\/wp-json\/wp\/v2\/product"}],"about":[{"href":"https:\/\/decepenlinea.uprm.edu\/index.php\/wp-json\/wp\/v2\/types\/product"}],"replies":[{"embeddable":true,"href":"https:\/\/decepenlinea.uprm.edu\/index.php\/wp-json\/wp\/v2\/comments?post=27845"}],"wp:attachment":[{"href":"https:\/\/decepenlinea.uprm.edu\/index.php\/wp-json\/wp\/v2\/media?parent=27845"}],"wp:term":[{"taxonomy":"product_brand","embeddable":true,"href":"https:\/\/decepenlinea.uprm.edu\/index.php\/wp-json\/wp\/v2\/product_brand?post=27845"},{"taxonomy":"product_cat","embeddable":true,"href":"https:\/\/decepenlinea.uprm.edu\/index.php\/wp-json\/wp\/v2\/product_cat?post=27845"},{"taxonomy":"product_tag","embeddable":true,"href":"https:\/\/decepenlinea.uprm.edu\/index.php\/wp-json\/wp\/v2\/product_tag?post=27845"}],"curies":[{"name":"wp","href":"https:\/\/api.w.org\/{rel}","templated":true}]}}