{"id":27592,"date":"2022-01-18T16:54:39","date_gmt":"2022-01-18T20:54:39","guid":{"rendered":"https:\/\/decepenlinea.uprm.edu\/?post_type=product&#038;p=27592"},"modified":"2022-01-20T15:55:27","modified_gmt":"2022-01-20T19:55:27","slug":"certificacion-en-supervision-efectiva-6-participantes-techno-plastic-industries","status":"publish","type":"product","link":"https:\/\/decepenlinea.uprm.edu\/index.php\/product\/certificacion-en-supervision-efectiva-6-participantes-techno-plastic-industries\/","title":{"rendered":"Certificaci\u00f3n en Supervisi\u00f3n Efectiva (6 participantes Techno Plastic Industries)"},"content":{"rendered":"<p>Secuencia de temas y actividades de aprendizaje con una equivalencia de 30 horas contacto, dirigido a supervisores o cualquier empleado con tareas de supervisi\u00f3n, administraci\u00f3n o gerencial, que tienen a su cargo empleados de menor rango. Durante las lecciones se comparten, describen y discuten con ejemplos reales, de manera activa y participativa, conceptos y destrezas que hacen a un supervisor efectivo en sus funciones.<\/p>\n<p>Los temas generales son: definiendo supervisi\u00f3n, supervisor y liderazgo, normas de colaboraci\u00f3n en grupo en la supervisi\u00f3n, importancia de la comunicaci\u00f3n verbal y no verbal en la supervisi\u00f3n, imagen personal para el trabajo, manejo del estr\u00e9s en el \u00e1rea de trabajo, motivaci\u00f3n y \u00e9xito en el \u00e1rea de trabajo, creatividad en la soluci\u00f3n de problemas, manejo de conflictos en el trabajo, reconocimiento y compromiso y disciplina aplicada de forma constructiva.<\/p>\n<p>Este es un curso moderado con una equivalencia de 30 horas contacto donde demuestras tus conocimientos y destrezas adquiridas mediante pruebas objetivas y tareas.<\/p>\n<p>Se espera que cada semana completes una lecci\u00f3n. El instructor te guiar\u00e1 en este proceso. Debes completar cada una de las tareas en o antes de las fechas estipuladas. Al completar el curso con la puntuaci\u00f3n m\u00ednima requerida obtendr\u00e1s el certificado que as\u00ed lo valida. Una vez pases por el proceso de pago tendr\u00e1s acceso al Sistema de Gerencia de Aprendizaje de la clase, pero no tendr\u00e1s acceso al contenido hasta la fecha de comienzo del curso.<\/p>\n<p><strong>*El certificado del curso se enviar\u00e1 digital por correo electr\u00f3nico.<\/strong><\/p>\n<p><strong>\u00a0<\/strong><\/p>\n","protected":false},"excerpt":{"rendered":"<p><strong>Profesor:<\/strong> Dr. Jos\u00e9 R. Ferrer<\/p>\n<p><strong>Horario:<\/strong> Curso en l\u00ednea &#8211; MODERADO<\/p>\n<p><b>Fecha del curso:<\/b>\u00a0 Comienza el 23 de marzo y culmina el 31 de mayo de 2022.<\/p>\n<p><b>Matr\u00edcula:<\/b>\u00a0 Hasta el 22 de marzo de 2022 (mientras duren los espacios)<\/p>\n<p><strong>Equivalencia de horas contacto:<\/strong> 30<\/p>\n<p><strong>Espacios:<\/strong>\u00a015<\/p>\n<p>&nbsp;<\/p>\n","protected":false},"featured_media":0,"comment_status":"closed","ping_status":"closed","template":"","meta":{"_links_to":"","_links_to_target":""},"product_brand":[],"product_cat":[254],"product_tag":[],"class_list":{"0":"post-27592","1":"product","2":"type-product","3":"status-publish","5":"product_cat-upr-mayaguez","7":"first","8":"outofstock","9":"sold-individually","10":"shipping-taxable","11":"purchasable","12":"product-type-simple"},"_links":{"self":[{"href":"https:\/\/decepenlinea.uprm.edu\/index.php\/wp-json\/wp\/v2\/product\/27592","targetHints":{"allow":["GET"]}}],"collection":[{"href":"https:\/\/decepenlinea.uprm.edu\/index.php\/wp-json\/wp\/v2\/product"}],"about":[{"href":"https:\/\/decepenlinea.uprm.edu\/index.php\/wp-json\/wp\/v2\/types\/product"}],"replies":[{"embeddable":true,"href":"https:\/\/decepenlinea.uprm.edu\/index.php\/wp-json\/wp\/v2\/comments?post=27592"}],"wp:attachment":[{"href":"https:\/\/decepenlinea.uprm.edu\/index.php\/wp-json\/wp\/v2\/media?parent=27592"}],"wp:term":[{"taxonomy":"product_brand","embeddable":true,"href":"https:\/\/decepenlinea.uprm.edu\/index.php\/wp-json\/wp\/v2\/product_brand?post=27592"},{"taxonomy":"product_cat","embeddable":true,"href":"https:\/\/decepenlinea.uprm.edu\/index.php\/wp-json\/wp\/v2\/product_cat?post=27592"},{"taxonomy":"product_tag","embeddable":true,"href":"https:\/\/decepenlinea.uprm.edu\/index.php\/wp-json\/wp\/v2\/product_tag?post=27592"}],"curies":[{"name":"wp","href":"https:\/\/api.w.org\/{rel}","templated":true}]}}