{"id":22208,"date":"2021-05-06T17:03:12","date_gmt":"2021-05-06T21:03:12","guid":{"rendered":"https:\/\/decepenlinea.uprm.edu\/?post_type=product&#038;p=22208"},"modified":"2022-01-25T18:27:00","modified_gmt":"2022-01-25T22:27:00","slug":"modelo-de-negocio-canvas-canvas-business-model-4","status":"publish","type":"product","link":"https:\/\/decepenlinea.uprm.edu\/index.php\/product\/modelo-de-negocio-canvas-canvas-business-model-4\/","title":{"rendered":"Modelo de negocio Canvas (Canvas Business Model)"},"content":{"rendered":"<p dir=\"ltr\" style=\"text-align:left;\">Quieres montar un nuevo negocio, haz empezado a investigar por internet y encuentras que lo primero que debes de hacer es crear tu Modelo Canvas. \u00bfRealmente sabes que es la metodolog\u00eda Canvas? Si tienes una idea de negocio y quieres hacerla realidad necesitas plasmarla y dise\u00f1ar un modelo de negocios que te permita comprobar si esa idea puede convertirse en una realidad. Son muchos los emprendedores los que se deciden a montar un negocio y se lanzan al vac\u00edo sin antes haber dise\u00f1ado un plan, y luego, se preguntan muchas veces la raz\u00f3n de su fracaso. La ausencia de un plan y estrategia, es uno de los principales factores por las que fracasan los negocios. Pero no te preocupes, porque en este curso vamos a ver paso por paso c\u00f3mo hacer tu lienzo de modelo de negocios siguiendo el m\u00e9todo Canvas.<\/p>\n","protected":false},"excerpt":{"rendered":"<p><strong>Instructora:<\/strong> Yaritza Ortiz Gonz\u00e1lez<\/p>\n<p><strong>Horario:<\/strong> Curso en l\u00ednea &#8211; Autodirigido<\/p>\n<p><b>Matricula:<\/b> Hasta el 15 de julio de 2021<\/p>\n<p><b>Acceso al curso hasta:<\/b> 30 de julio de 2021<\/p>\n<p><strong>Equivalencia de horas contacto:<\/strong>\u00a06<\/p>\n<p><strong>Espacios:<\/strong> 15<\/p>\n","protected":false},"featured_media":3721,"comment_status":"closed","ping_status":"closed","template":"","meta":{"_links_to":"","_links_to_target":""},"product_brand":[],"product_cat":[17],"product_tag":[],"class_list":{"0":"post-22208","1":"product","2":"type-product","3":"status-publish","4":"has-post-thumbnail","6":"product_cat-uncategorized","8":"first","9":"outofstock","10":"sale","11":"downloadable","12":"virtual","13":"purchasable","14":"product-type-simple"},"_links":{"self":[{"href":"https:\/\/decepenlinea.uprm.edu\/index.php\/wp-json\/wp\/v2\/product\/22208","targetHints":{"allow":["GET"]}}],"collection":[{"href":"https:\/\/decepenlinea.uprm.edu\/index.php\/wp-json\/wp\/v2\/product"}],"about":[{"href":"https:\/\/decepenlinea.uprm.edu\/index.php\/wp-json\/wp\/v2\/types\/product"}],"replies":[{"embeddable":true,"href":"https:\/\/decepenlinea.uprm.edu\/index.php\/wp-json\/wp\/v2\/comments?post=22208"}],"wp:featuredmedia":[{"embeddable":true,"href":"https:\/\/decepenlinea.uprm.edu\/index.php\/wp-json\/wp\/v2\/media\/3721"}],"wp:attachment":[{"href":"https:\/\/decepenlinea.uprm.edu\/index.php\/wp-json\/wp\/v2\/media?parent=22208"}],"wp:term":[{"taxonomy":"product_brand","embeddable":true,"href":"https:\/\/decepenlinea.uprm.edu\/index.php\/wp-json\/wp\/v2\/product_brand?post=22208"},{"taxonomy":"product_cat","embeddable":true,"href":"https:\/\/decepenlinea.uprm.edu\/index.php\/wp-json\/wp\/v2\/product_cat?post=22208"},{"taxonomy":"product_tag","embeddable":true,"href":"https:\/\/decepenlinea.uprm.edu\/index.php\/wp-json\/wp\/v2\/product_tag?post=22208"}],"curies":[{"name":"wp","href":"https:\/\/api.w.org\/{rel}","templated":true}]}}