{"id":19430,"date":"2020-12-11T11:36:02","date_gmt":"2020-12-11T15:36:02","guid":{"rendered":"https:\/\/decepenlinea.uprm.edu\/?post_type=product&#038;p=19430"},"modified":"2022-01-25T18:26:59","modified_gmt":"2022-01-25T22:26:59","slug":"factura-076-curso-diseno-y-creacion-de-materiales-educativos-para-cursos-en-linea-albizu","status":"publish","type":"product","link":"https:\/\/decepenlinea.uprm.edu\/index.php\/product\/factura-076-curso-diseno-y-creacion-de-materiales-educativos-para-cursos-en-linea-albizu\/","title":{"rendered":"Factura #076-Curso Dise\u00f1o y Creaci\u00f3n de Materiales Educativos para Cursos en L\u00ednea (Albizu)"},"content":{"rendered":"<\/p>\n<p>Se explica y describe los pasos en el<br \/>\ndise\u00f1o y creaci\u00f3n de materiales educativos para cursos en l\u00ednea. Se describen<br \/>\nlas caracter\u00edsticas ideales desde el punto de vista pedag\u00f3gico para cada uno de<br \/>\nestos materiales y su efecto en el aprendizaje efectivo, seg\u00fan la evidencia<br \/>\nemp\u00edrica. Se presentan y discuten herramientas y programados disponibles para<br \/>\nfacilitar la creaci\u00f3n de estos materiales digitales. Se planifican y crean, a<br \/>\nmanera de pr\u00e1ctica, algunos de estos materiales digitales tales como audio,<br \/>\ninfogramas, voice-overs, videos, y screencasts, entre otros.<\/p>\n<p><\/p>\n","protected":false},"excerpt":{"rendered":"<p>Pago por Factura #076: Segundo semestre 2020-2021. Factura con fecha 11.diciembre.2020:<\/p>\n<p>Curso: Dise\u00f1o y Creaci\u00f3n de Materiales Educativos para Cursos en L\u00ednea<br \/>\n22.5 horas contacto \/ 17 de febrero al 6 de abril de 2021<br \/>\nRecursos: Dr. Jos\u00e9 R. Ferrer<\/p>\n<p>1 participante @ $195.00 c\/u = $195.00<\/p>\n","protected":false},"featured_media":0,"comment_status":"closed","ping_status":"closed","template":"","meta":{"_links_to":"","_links_to_target":""},"product_brand":[],"product_cat":[17],"product_tag":[],"class_list":{"0":"post-19430","1":"product","2":"type-product","3":"status-publish","5":"product_cat-uncategorized","7":"first","8":"outofstock","9":"shipping-taxable","10":"purchasable","11":"product-type-simple"},"_links":{"self":[{"href":"https:\/\/decepenlinea.uprm.edu\/index.php\/wp-json\/wp\/v2\/product\/19430","targetHints":{"allow":["GET"]}}],"collection":[{"href":"https:\/\/decepenlinea.uprm.edu\/index.php\/wp-json\/wp\/v2\/product"}],"about":[{"href":"https:\/\/decepenlinea.uprm.edu\/index.php\/wp-json\/wp\/v2\/types\/product"}],"replies":[{"embeddable":true,"href":"https:\/\/decepenlinea.uprm.edu\/index.php\/wp-json\/wp\/v2\/comments?post=19430"}],"wp:attachment":[{"href":"https:\/\/decepenlinea.uprm.edu\/index.php\/wp-json\/wp\/v2\/media?parent=19430"}],"wp:term":[{"taxonomy":"product_brand","embeddable":true,"href":"https:\/\/decepenlinea.uprm.edu\/index.php\/wp-json\/wp\/v2\/product_brand?post=19430"},{"taxonomy":"product_cat","embeddable":true,"href":"https:\/\/decepenlinea.uprm.edu\/index.php\/wp-json\/wp\/v2\/product_cat?post=19430"},{"taxonomy":"product_tag","embeddable":true,"href":"https:\/\/decepenlinea.uprm.edu\/index.php\/wp-json\/wp\/v2\/product_tag?post=19430"}],"curies":[{"name":"wp","href":"https:\/\/api.w.org\/{rel}","templated":true}]}}