{"id":19202,"date":"2020-12-04T17:20:06","date_gmt":"2020-12-04T21:20:06","guid":{"rendered":"https:\/\/decepenlinea.uprm.edu\/?post_type=product&#038;p=19202"},"modified":"2022-01-25T18:26:59","modified_gmt":"2022-01-25T22:26:59","slug":"academia-de-programacion-decep-coding-school-2s-2020-2021","status":"publish","type":"product","link":"https:\/\/decepenlinea.uprm.edu\/index.php\/product\/academia-de-programacion-decep-coding-school-2s-2020-2021\/","title":{"rendered":"Academia de Programaci\u00f3n (DECEP Coding School)"},"content":{"rendered":"<\/p>\n<p>En este curso el estudiantes adquiere los<br \/>\nconceptos b\u00e1sicos de programaci\u00f3n de dispositivos m\u00f3viles como tel\u00e9fonos<br \/>\ninteligentes y tabletas con el sistema operativo Android. No es necesario tener<br \/>\nninguna base en programaci\u00f3n. Se comienza desde cero. El estudiante identifica<br \/>\nprogramados de c\u00f3digo abierto completamente gratuitos que le permitir\u00e1n crear<br \/>\naplicaciones. Luego de crear su aplicaci\u00f3n el estudiantes aprender\u00e1 a<br \/>\ninstalarla en su dispositivo m\u00f3vil.<\/p>\n<p><\/p>\n","protected":false},"excerpt":{"rendered":"<p><b>Horas Contacto: <\/b>79<\/p>\n<p>&nbsp;<\/p>\n","protected":false},"featured_media":0,"comment_status":"closed","ping_status":"closed","template":"","meta":{"_links_to":"","_links_to_target":""},"product_brand":[],"product_cat":[17],"product_tag":[],"class_list":{"0":"post-19202","1":"product","2":"type-product","3":"status-publish","5":"product_cat-uncategorized","7":"first","8":"outofstock","9":"sale","10":"downloadable","11":"virtual","12":"sold-individually","13":"purchasable","14":"product-type-simple"},"_links":{"self":[{"href":"https:\/\/decepenlinea.uprm.edu\/index.php\/wp-json\/wp\/v2\/product\/19202","targetHints":{"allow":["GET"]}}],"collection":[{"href":"https:\/\/decepenlinea.uprm.edu\/index.php\/wp-json\/wp\/v2\/product"}],"about":[{"href":"https:\/\/decepenlinea.uprm.edu\/index.php\/wp-json\/wp\/v2\/types\/product"}],"replies":[{"embeddable":true,"href":"https:\/\/decepenlinea.uprm.edu\/index.php\/wp-json\/wp\/v2\/comments?post=19202"}],"wp:attachment":[{"href":"https:\/\/decepenlinea.uprm.edu\/index.php\/wp-json\/wp\/v2\/media?parent=19202"}],"wp:term":[{"taxonomy":"product_brand","embeddable":true,"href":"https:\/\/decepenlinea.uprm.edu\/index.php\/wp-json\/wp\/v2\/product_brand?post=19202"},{"taxonomy":"product_cat","embeddable":true,"href":"https:\/\/decepenlinea.uprm.edu\/index.php\/wp-json\/wp\/v2\/product_cat?post=19202"},{"taxonomy":"product_tag","embeddable":true,"href":"https:\/\/decepenlinea.uprm.edu\/index.php\/wp-json\/wp\/v2\/product_tag?post=19202"}],"curies":[{"name":"wp","href":"https:\/\/api.w.org\/{rel}","templated":true}]}}