{"id":19182,"date":"2020-12-04T15:24:34","date_gmt":"2020-12-04T19:24:34","guid":{"rendered":"https:\/\/decepenlinea.uprm.edu\/?post_type=product&#038;p=19182"},"modified":"2022-01-25T18:26:58","modified_gmt":"2022-01-25T22:26:58","slug":"edicion-de-videos-con-imovie-2s-2020-2021","status":"publish","type":"product","link":"https:\/\/decepenlinea.uprm.edu\/index.php\/product\/edicion-de-videos-con-imovie-2s-2020-2021\/","title":{"rendered":"Edici\u00f3n de videos con iMovie"},"content":{"rendered":"<\/p>\n<p>iMovie es el programa vers\u00e1til de edici\u00f3n<br \/>\nde v\u00eddeos de Apple. Este programado viene gratuito con tu Mac tambi\u00e9n hay una<br \/>\nversi\u00f3n para m\u00f3viles. iMovie es ideal para editar v\u00eddeos familiares,<br \/>\npromociones y mercadeo, material educativo, material documental como evidencia<br \/>\nde trabajos realizados, tus capturas en v\u00eddeo de drones, para hacer v\u00eddeos de<br \/>\nbodas y collage de fotos, entre otras funciones. Si est\u00e1s en el campo de la<br \/>\neducaci\u00f3n, educaci\u00f3n en l\u00ednea, dise\u00f1o instruccional, desarrollo de multimedios<br \/>\npara redes sociales, haces \u201cfreelancing\u201d o tienes negocio propio, iMovie es el<br \/>\nprograma para comenzar a desarrollar tus destrezas de edici\u00f3n. Incluso si est\u00e1s<br \/>\npensado en crear cortometrajes o largometrajes para cine, iMovie es el programa<br \/>\npara comenzar. Ser\u00e1 una excelente transici\u00f3n a Final Cut, el programa avanzado<br \/>\nde edici\u00f3n de v\u00eddeos de Apple, ya que la interfaz gr\u00e1fica y comandos son<br \/>\nsimilares. Este es un micro curso por m\u00f3dulo que te ofrece una micro credencial<br \/>\ncon certificado de 5 horas contacto. El aprendizaje se demuestra mediante<br \/>\npruebas objetivas y la tarea de aplicaci\u00f3n final. Este es un curso a tu propio<br \/>\npaso y cuenta con m\u00e1s de 30 videos instruccionales cortos, los temas van desde<br \/>\nconseguir material en v\u00eddeo gratuito para tus proyectos y abrir el programa,<br \/>\nhasta c\u00f3mo trabajar con el efecto croma. Una vez tengas acceso no hay fechas<br \/>\ncon las cuales cumplir. Podr\u00e1s aprender a tu propio paso. Pero una vez termines<br \/>\nse te otorgar\u00e1 el certificado en formato digital.<\/p>\n","protected":false},"excerpt":{"rendered":"<p><strong>Instructor:<\/strong> CREAD<\/p>\n<p><strong>Horario:<\/strong> Curso en l\u00ednea &#8211; AUTODIRIGIDO<\/p>\n<p><b>Matricula:<\/b> 30 de abril de 2021<\/p>\n<p><b>Acceso al curso:<\/b> 16 de mayo de 2021<\/p>\n<p><strong>Equivalencia de horas contacto:<\/strong> 5<\/p>\n<p><strong>Espacios:<\/strong> 15<\/p>\n","protected":false},"featured_media":3745,"comment_status":"closed","ping_status":"closed","template":"","meta":{"_links_to":"","_links_to_target":""},"product_brand":[],"product_cat":[17],"product_tag":[],"class_list":{"0":"post-19182","1":"product","2":"type-product","3":"status-publish","4":"has-post-thumbnail","6":"product_cat-uncategorized","8":"first","9":"outofstock","10":"downloadable","11":"virtual","12":"purchasable","13":"product-type-simple"},"_links":{"self":[{"href":"https:\/\/decepenlinea.uprm.edu\/index.php\/wp-json\/wp\/v2\/product\/19182","targetHints":{"allow":["GET"]}}],"collection":[{"href":"https:\/\/decepenlinea.uprm.edu\/index.php\/wp-json\/wp\/v2\/product"}],"about":[{"href":"https:\/\/decepenlinea.uprm.edu\/index.php\/wp-json\/wp\/v2\/types\/product"}],"replies":[{"embeddable":true,"href":"https:\/\/decepenlinea.uprm.edu\/index.php\/wp-json\/wp\/v2\/comments?post=19182"}],"wp:featuredmedia":[{"embeddable":true,"href":"https:\/\/decepenlinea.uprm.edu\/index.php\/wp-json\/wp\/v2\/media\/3745"}],"wp:attachment":[{"href":"https:\/\/decepenlinea.uprm.edu\/index.php\/wp-json\/wp\/v2\/media?parent=19182"}],"wp:term":[{"taxonomy":"product_brand","embeddable":true,"href":"https:\/\/decepenlinea.uprm.edu\/index.php\/wp-json\/wp\/v2\/product_brand?post=19182"},{"taxonomy":"product_cat","embeddable":true,"href":"https:\/\/decepenlinea.uprm.edu\/index.php\/wp-json\/wp\/v2\/product_cat?post=19182"},{"taxonomy":"product_tag","embeddable":true,"href":"https:\/\/decepenlinea.uprm.edu\/index.php\/wp-json\/wp\/v2\/product_tag?post=19182"}],"curies":[{"name":"wp","href":"https:\/\/api.w.org\/{rel}","templated":true}]}}