{"id":17289,"date":"2020-09-21T09:06:17","date_gmt":"2020-09-21T13:06:17","guid":{"rendered":"https:\/\/decepenlinea.uprm.edu\/?post_type=product&#038;p=17289"},"modified":"2020-09-21T09:45:25","modified_gmt":"2020-09-21T13:45:25","slug":"factura-069-servicios-proyecto-mel-dr-jose-r-ferrer","status":"publish","type":"product","link":"https:\/\/decepenlinea.uprm.edu\/index.php\/product\/factura-069-servicios-proyecto-mel-dr-jose-r-ferrer\/","title":{"rendered":"Factura #069-Servicios Proyecto MEL (Dr. Jos\u00e9 R. Ferrer)"},"content":{"rendered":"<p>Pago por Factura #069: Primer semestre 2020-2021. Factura con fecha 21.septiembre.2020:<\/p>\n<p>Servicio: Proyecto MEL, Dr. Jos\u00e9 R. Ferrer<br \/>\nPresentaciones 1-4<br \/>\nServicios de nivel 2<\/p>\n<p>*Grabaciones en estudio con pantalla verde<br \/>\nEdici\u00f3n de presentaciones (revisi\u00f3n\/creaci\u00f3n librero, material visual, edici\u00f3n (video-presentaciones)), edici\u00f3n de libro, dise\u00f1o gr\u00e1fico portada libro<\/p>\n","protected":false},"excerpt":{"rendered":"<p>Pago por Factura #069: Primer semestre 2020-2021. Factura con fecha 21.septiembre.2020:<\/p>\n<p>Servicio: Proyecto MEL, Dr. Jos\u00e9 R. Ferrer<br \/>\nPresentaciones 1-4<br \/>\nServicios de nivel 2<\/p>\n<p>*Grabaciones en estudio con pantalla verde<br \/>\nEdici\u00f3n de presentaciones (revisi\u00f3n\/creaci\u00f3n librero, material visual, edici\u00f3n (video-presentaciones)), edici\u00f3n de libro, dise\u00f1o gr\u00e1fico portada libro<\/p>\n","protected":false},"featured_media":0,"comment_status":"closed","ping_status":"closed","template":"","meta":{"_links_to":"","_links_to_target":""},"product_brand":[],"product_cat":[17],"product_tag":[],"class_list":{"0":"post-17289","1":"product","2":"type-product","3":"status-publish","5":"product_cat-uncategorized","7":"first","8":"outofstock","9":"shipping-taxable","10":"purchasable","11":"product-type-simple"},"_links":{"self":[{"href":"https:\/\/decepenlinea.uprm.edu\/index.php\/wp-json\/wp\/v2\/product\/17289","targetHints":{"allow":["GET"]}}],"collection":[{"href":"https:\/\/decepenlinea.uprm.edu\/index.php\/wp-json\/wp\/v2\/product"}],"about":[{"href":"https:\/\/decepenlinea.uprm.edu\/index.php\/wp-json\/wp\/v2\/types\/product"}],"replies":[{"embeddable":true,"href":"https:\/\/decepenlinea.uprm.edu\/index.php\/wp-json\/wp\/v2\/comments?post=17289"}],"wp:attachment":[{"href":"https:\/\/decepenlinea.uprm.edu\/index.php\/wp-json\/wp\/v2\/media?parent=17289"}],"wp:term":[{"taxonomy":"product_brand","embeddable":true,"href":"https:\/\/decepenlinea.uprm.edu\/index.php\/wp-json\/wp\/v2\/product_brand?post=17289"},{"taxonomy":"product_cat","embeddable":true,"href":"https:\/\/decepenlinea.uprm.edu\/index.php\/wp-json\/wp\/v2\/product_cat?post=17289"},{"taxonomy":"product_tag","embeddable":true,"href":"https:\/\/decepenlinea.uprm.edu\/index.php\/wp-json\/wp\/v2\/product_tag?post=17289"}],"curies":[{"name":"wp","href":"https:\/\/api.w.org\/{rel}","templated":true}]}}