{"id":16972,"date":"2020-09-07T22:38:21","date_gmt":"2020-09-08T02:38:21","guid":{"rendered":"https:\/\/decepenlinea.uprm.edu\/?post_type=product&#038;p=16972"},"modified":"2022-01-25T18:26:57","modified_gmt":"2022-01-25T22:26:57","slug":"creacion-de-cursos-en-linea-con-un-modelo-orientado-al-cerebro-descuento-de-empleado","status":"publish","type":"product","link":"https:\/\/decepenlinea.uprm.edu\/index.php\/product\/creacion-de-cursos-en-linea-con-un-modelo-orientado-al-cerebro-descuento-de-empleado\/","title":{"rendered":"Creaci\u00f3n de Cursos en L\u00ednea con un Modelo Orientado al Cerebro (Descuento de empleado)"},"content":{"rendered":"<\/p>\n<p>Creaci\u00f3n, desarrollo y administraci\u00f3n de un curso en l\u00ednea<br \/>\ntomando en consideraci\u00f3n los m\u00e1s recientes hallazgos en neurociencias de c\u00f3mo<br \/>\naprende el cerebro. Se discute el efecto de las emociones, el dise\u00f1o del curso,<br \/>\nla organizaci\u00f3n, la est\u00e9tica, la comunicaci\u00f3n y la evaluaci\u00f3n, entre otros en<br \/>\nel aprendizaje. Se espera que los participantes planifiquen y defiendan varios<br \/>\nelementos de un curso en l\u00ednea, haciendo uso de lo aprendido en la clase,<br \/>\nincluyendo el contenido de las lecciones, actividades de aprendizaje,<br \/>\ninteracci\u00f3n social y pruebas.<\/p>\n<p><\/p>\n","protected":false},"excerpt":{"rendered":"<p><strong>Profesor:<\/strong> Dr. Jos\u00e9 R. Ferrer L\u00f3pez<\/p>\n<p><strong>Horario:<\/strong> Curso en l\u00ednea &#8211; MODERADO<\/p>\n<p><b>Matricula:<\/b> Hasta el 7 de septiembre de 2020.<\/p>\n<p><b>Fecha del curso:<\/b>\u00a0 9 de septiembre al 27 de octubre de 2020.<\/p>\n<p><strong>Equivalencia de horas contacto:<\/strong> 22.5<\/p>\n<p><strong>Espacios:<\/strong> 15<\/p>\n","protected":false},"featured_media":3734,"comment_status":"closed","ping_status":"closed","template":"","meta":{"_links_to":"","_links_to_target":""},"product_brand":[],"product_cat":[17],"product_tag":[],"class_list":{"0":"post-16972","1":"product","2":"type-product","3":"status-publish","4":"has-post-thumbnail","6":"product_cat-uncategorized","8":"first","9":"outofstock","10":"shipping-taxable","11":"purchasable","12":"product-type-simple"},"_links":{"self":[{"href":"https:\/\/decepenlinea.uprm.edu\/index.php\/wp-json\/wp\/v2\/product\/16972","targetHints":{"allow":["GET"]}}],"collection":[{"href":"https:\/\/decepenlinea.uprm.edu\/index.php\/wp-json\/wp\/v2\/product"}],"about":[{"href":"https:\/\/decepenlinea.uprm.edu\/index.php\/wp-json\/wp\/v2\/types\/product"}],"replies":[{"embeddable":true,"href":"https:\/\/decepenlinea.uprm.edu\/index.php\/wp-json\/wp\/v2\/comments?post=16972"}],"wp:featuredmedia":[{"embeddable":true,"href":"https:\/\/decepenlinea.uprm.edu\/index.php\/wp-json\/wp\/v2\/media\/3734"}],"wp:attachment":[{"href":"https:\/\/decepenlinea.uprm.edu\/index.php\/wp-json\/wp\/v2\/media?parent=16972"}],"wp:term":[{"taxonomy":"product_brand","embeddable":true,"href":"https:\/\/decepenlinea.uprm.edu\/index.php\/wp-json\/wp\/v2\/product_brand?post=16972"},{"taxonomy":"product_cat","embeddable":true,"href":"https:\/\/decepenlinea.uprm.edu\/index.php\/wp-json\/wp\/v2\/product_cat?post=16972"},{"taxonomy":"product_tag","embeddable":true,"href":"https:\/\/decepenlinea.uprm.edu\/index.php\/wp-json\/wp\/v2\/product_tag?post=16972"}],"curies":[{"name":"wp","href":"https:\/\/api.w.org\/{rel}","templated":true}]}}