{"id":16412,"date":"2020-08-11T16:39:41","date_gmt":"2020-08-11T20:39:41","guid":{"rendered":"https:\/\/decepenlinea.uprm.edu\/?post_type=product&#038;p=16412"},"modified":"2022-01-25T18:26:57","modified_gmt":"2022-01-25T22:26:57","slug":"certificacion-profesional-en-liderazgo-de-la-innovacion-4","status":"publish","type":"product","link":"https:\/\/decepenlinea.uprm.edu\/index.php\/product\/certificacion-profesional-en-liderazgo-de-la-innovacion-4\/","title":{"rendered":"Certificaci\u00f3n Profesional en Liderazgo de la Innovaci\u00f3n (Plan de pago)"},"content":{"rendered":"<\/p>\n<p>Lidera y maneja el desarrollo de nuevos proyectos<br \/>\ninnovadores y creativos con el nuevo programado para Manejo de Proyectos. Este<br \/>\ncurso es una secuencia de tutoriales y tareas, con una equivalencia de 4 horas<br \/>\ncontacto, para el desarrollo de las destrezas del uso de un programado gratuito<br \/>\npara manejar el desarrollo de proyectos innovadores y creativos. Curso dirigido<br \/>\na toda persona que desee liderar estos procesos. El programado de Manejo de<br \/>\nProyectos que aprender\u00e1s, te permite crear las etapas y tareas con sus fechas<br \/>\nl\u00edmites, anotaciones y personas responsables. Tambi\u00e9n permite condicionar el<br \/>\ncomienzo de una etapa por la terminaci\u00f3n de otra, tener tareas simult\u00e1neas y<br \/>\nvisualizar todo de manera gr\u00e1fica.<\/p>\n<p><\/p>\n","protected":false},"excerpt":{"rendered":"<p>Plan de pago Rolando Bruno Oquendo<br \/>\nLiderazgo en la innovaci\u00f3n- Ser m\u00e1s creativo, manejo de proyectos, supervisi\u00f3n <\/p>\n<p>Primer plazo- $142.00<br \/>\nSegundo Plazo- $142.00<br \/>\nTercer Plazo- $141.00<\/p>\n<p><b>Horas Contacto:<\/b> 50<\/p>\n","protected":false},"featured_media":0,"comment_status":"closed","ping_status":"closed","template":"","meta":{"_links_to":"","_links_to_target":""},"product_brand":[],"product_cat":[17],"product_tag":[],"class_list":{"0":"post-16412","1":"product","2":"type-product","3":"status-publish","5":"product_cat-uncategorized","7":"first","8":"outofstock","9":"sold-individually","10":"shipping-taxable","11":"purchasable","12":"product-type-simple"},"_links":{"self":[{"href":"https:\/\/decepenlinea.uprm.edu\/index.php\/wp-json\/wp\/v2\/product\/16412","targetHints":{"allow":["GET"]}}],"collection":[{"href":"https:\/\/decepenlinea.uprm.edu\/index.php\/wp-json\/wp\/v2\/product"}],"about":[{"href":"https:\/\/decepenlinea.uprm.edu\/index.php\/wp-json\/wp\/v2\/types\/product"}],"replies":[{"embeddable":true,"href":"https:\/\/decepenlinea.uprm.edu\/index.php\/wp-json\/wp\/v2\/comments?post=16412"}],"wp:attachment":[{"href":"https:\/\/decepenlinea.uprm.edu\/index.php\/wp-json\/wp\/v2\/media?parent=16412"}],"wp:term":[{"taxonomy":"product_brand","embeddable":true,"href":"https:\/\/decepenlinea.uprm.edu\/index.php\/wp-json\/wp\/v2\/product_brand?post=16412"},{"taxonomy":"product_cat","embeddable":true,"href":"https:\/\/decepenlinea.uprm.edu\/index.php\/wp-json\/wp\/v2\/product_cat?post=16412"},{"taxonomy":"product_tag","embeddable":true,"href":"https:\/\/decepenlinea.uprm.edu\/index.php\/wp-json\/wp\/v2\/product_tag?post=16412"}],"curies":[{"name":"wp","href":"https:\/\/api.w.org\/{rel}","templated":true}]}}